{"id":10273,"date":"2020-10-20T10:57:36","date_gmt":"2020-10-20T08:57:36","guid":{"rendered":"http:\/\/artsmartiauxcompiegnois.fr\/?page_id=10273"},"modified":"2025-08-28T15:51:27","modified_gmt":"2025-08-28T13:51:27","slug":"karate-defense-training","status":"publish","type":"page","link":"http:\/\/artsmartiauxcompiegnois.fr\/?page_id=10273","title":{"rendered":"KARATE DEFENSE TRAINING"},"content":{"rendered":"<h1 style=\"text-align: center;\"><span style=\"color: #ff0000;\">Les s\u00e9ances de Karat\u00e9 D\u00e9fense Training se d\u00e9roulent<\/span><\/h1>\n<table style=\"height: 32px;\" width=\"984\">\n<tbody>\n<tr>\n<td width=\"162\">\n<p style=\"text-align: center;\">Ados et Adultes\u00a0:<\/p>\n<\/td>\n<td style=\"text-align: center;\" width=\"150\">mardi et jeudi :<\/td>\n<td width=\"120\">\n<p style=\"text-align: center;\">19H00 \u2013 20H00<\/p>\n<\/td>\n<\/tr>\n<\/tbody>\n<\/table>\n","protected":false},"excerpt":{"rendered":"<p>Les s\u00e9ances de Karat\u00e9 D\u00e9fense Training se d\u00e9roulent Ados et Adultes\u00a0: mardi et jeudi : 19H00 \u2013 20H00<\/p>\n","protected":false},"author":1,"featured_media":0,"parent":0,"menu_order":0,"comment_status":"closed","ping_status":"closed","template":"","meta":[],"_links":{"self":[{"href":"http:\/\/artsmartiauxcompiegnois.fr\/index.php?rest_route=\/wp\/v2\/pages\/10273"}],"collection":[{"href":"http:\/\/artsmartiauxcompiegnois.fr\/index.php?rest_route=\/wp\/v2\/pages"}],"about":[{"href":"http:\/\/artsmartiauxcompiegnois.fr\/index.php?rest_route=\/wp\/v2\/types\/page"}],"author":[{"embeddable":true,"href":"http:\/\/artsmartiauxcompiegnois.fr\/index.php?rest_route=\/wp\/v2\/users\/1"}],"replies":[{"embeddable":true,"href":"http:\/\/artsmartiauxcompiegnois.fr\/index.php?rest_route=%2Fwp%2Fv2%2Fcomments&post=10273"}],"version-history":[{"count":6,"href":"http:\/\/artsmartiauxcompiegnois.fr\/index.php?rest_route=\/wp\/v2\/pages\/10273\/revisions"}],"predecessor-version":[{"id":12874,"href":"http:\/\/artsmartiauxcompiegnois.fr\/index.php?rest_route=\/wp\/v2\/pages\/10273\/revisions\/12874"}],"wp:attachment":[{"href":"http:\/\/artsmartiauxcompiegnois.fr\/index.php?rest_route=%2Fwp%2Fv2%2Fmedia&parent=10273"}],"curies":[{"name":"wp","href":"https:\/\/api.w.org\/{rel}","templated":true}]}}