{"id":12,"date":"2010-03-09T16:32:19","date_gmt":"2010-03-09T15:32:19","guid":{"rendered":"http:\/\/localhost\/judo\/?p=12"},"modified":"2022-10-04T13:03:16","modified_gmt":"2022-10-04T11:03:16","slug":"historique-du-club","status":"publish","type":"page","link":"https:\/\/artsmartiauxcompiegnois.fr\/?page_id=12","title":{"rendered":"Historique du Club des Arts Martiaux Compi\u00e9gnois"},"content":{"rendered":"<p>&nbsp;<\/p>\n<div class=\"conteneur\">\n<div class=\"droite\">\n<p><a href=\"http:\/\/localhost\/judo\/wp-content\/uploads\/2010\/03\/historique.jpg\"><img loading=\"lazy\" class=\"size-full wp-image-443 aligncenter\" src=\"http:\/\/localhost\/judo\/wp-content\/uploads\/2010\/03\/historique.jpg\" alt=\"historique\" width=\"500\" height=\"334\" srcset=\"https:\/\/artsmartiauxcompiegnois.fr\/wp-content\/uploads\/2010\/03\/historique.jpg 500w, https:\/\/artsmartiauxcompiegnois.fr\/wp-content\/uploads\/2010\/03\/historique-300x200.jpg 300w, https:\/\/artsmartiauxcompiegnois.fr\/wp-content\/uploads\/2010\/03\/historique-178x118.jpg 178w\" sizes=\"(max-width: 500px) 100vw, 500px\" \/><\/a><\/p>\n<p>Cr\u00e9\u00e9 en mars 1968 par Marcel Mottet au sein de la Maison des Jeunes de Compi\u00e8gne en tant que section Judo Karat\u00e9 Ju-jitsu, le pr\u00e9sident de l&rsquo;\u00e9poque \u00e9tait le Docteur Michel Louis, alors maire adjoint \u00e0 la jeunesse de la ville de Compi\u00e8gne. Les diff\u00e9rentes sections grandissent au point d&rsquo;\u00eatre dans l&rsquo;obligation de sortir de la Maison des Jeunes.<\/p>\n<p>En 1972, sous l&rsquo;instigation de Monsieur Jean Rivallon et de Marcel Mottet, les sections devinrent club qui prit le nom de : <strong>Arts Martiaux Compi\u00e8gnois<\/strong>.<br \/>\nMonsieur Jean Rivallon en fut le 1er pr\u00e9sident et Marcel Mottet professeur.<\/p>\n<p>En 1975 le club s&rsquo;enrichit d&rsquo;une section full-contact.<br \/>\nEn 1982, c&rsquo;est avec le baby-club que le club s&rsquo;agrandit.<br \/>\nPuis en 1990, le club ouvre une section musculation.<\/p>\n<p>Depuis sa cr\u00e9ation, le club a toujours particip\u00e9 \u00e0 toutes les comp\u00e9titions d\u00e9partementales, r\u00e9gionales, inter-r\u00e9gionales, nationales et internationales.<br \/>\nLes plus grands ma\u00eetres et experts sont pass\u00e9s aux Arts Martiaux Compi\u00e8gnois pour y distiller leur savoir.<\/p>\n<\/div>\n<\/div>\n<p>&nbsp;<\/p>\n","protected":false},"excerpt":{"rendered":"<p>&nbsp; Cr\u00e9\u00e9 en mars 1968 par Marcel Mottet au sein de la Maison des Jeunes de Compi\u00e8gne en tant que section Judo Karat\u00e9 Ju-jitsu, le pr\u00e9sident de l&rsquo;\u00e9poque \u00e9tait le Docteur Michel Louis, alors maire adjoint \u00e0 la jeunesse de la ville de Compi\u00e8gne. Les diff\u00e9rentes sections grandissent au point d&rsquo;\u00eatre dans l&rsquo;obligation de sortir [&hellip;]<\/p>\n","protected":false},"author":1,"featured_media":0,"parent":386,"menu_order":2,"comment_status":"closed","ping_status":"closed","template":"","meta":[],"_links":{"self":[{"href":"https:\/\/artsmartiauxcompiegnois.fr\/index.php?rest_route=\/wp\/v2\/pages\/12"}],"collection":[{"href":"https:\/\/artsmartiauxcompiegnois.fr\/index.php?rest_route=\/wp\/v2\/pages"}],"about":[{"href":"https:\/\/artsmartiauxcompiegnois.fr\/index.php?rest_route=\/wp\/v2\/types\/page"}],"author":[{"embeddable":true,"href":"https:\/\/artsmartiauxcompiegnois.fr\/index.php?rest_route=\/wp\/v2\/users\/1"}],"replies":[{"embeddable":true,"href":"https:\/\/artsmartiauxcompiegnois.fr\/index.php?rest_route=%2Fwp%2Fv2%2Fcomments&post=12"}],"version-history":[{"count":4,"href":"https:\/\/artsmartiauxcompiegnois.fr\/index.php?rest_route=\/wp\/v2\/pages\/12\/revisions"}],"predecessor-version":[{"id":5587,"href":"https:\/\/artsmartiauxcompiegnois.fr\/index.php?rest_route=\/wp\/v2\/pages\/12\/revisions\/5587"}],"up":[{"embeddable":true,"href":"https:\/\/artsmartiauxcompiegnois.fr\/index.php?rest_route=\/wp\/v2\/pages\/386"}],"wp:attachment":[{"href":"https:\/\/artsmartiauxcompiegnois.fr\/index.php?rest_route=%2Fwp%2Fv2%2Fmedia&parent=12"}],"curies":[{"name":"wp","href":"https:\/\/api.w.org\/{rel}","templated":true}]}}

Historique du Club des Arts Martiaux Compiégnois

<p>&nbsp;</p>
<div class="conteneur">
<div class="droite">
<p><a href="http://localhost/judo/wp-content/uploads/2010/03/historique.jpg"><img loading="lazy" class="size-full wp-image-443 aligncenter" src="http://localhost/judo/wp-content/uploads/2010/03/historique.jpg" alt="historique" width="500" height="334" srcset="https://artsmartiauxcompiegnois.fr/wp-content/uploads/2010/03/historique.jpg 500w, https://artsmartiauxcompiegnois.fr/wp-content/uploads/2010/03/historique-300x200.jpg 300w, https://artsmartiauxcompiegnois.fr/wp-content/uploads/2010/03/historique-178x118.jpg 178w" sizes="(max-width: 500px) 100vw, 500px" /></a></p>
<p>Créé en mars 1968 par Marcel Mottet au sein de la Maison des Jeunes de Compiègne en tant que section Judo Karaté Ju-jitsu, le président de l&rsquo;époque était le Docteur Michel Louis, alors maire adjoint à la jeunesse de la ville de Compiègne. Les différentes sections grandissent au point d&rsquo;être dans l&rsquo;obligation de sortir de la Maison des Jeunes.</p>
<p>En 1972, sous l&rsquo;instigation de Monsieur Jean Rivallon et de Marcel Mottet, les sections devinrent club qui prit le nom de : <strong>Arts Martiaux Compiègnois</strong>.<br />
Monsieur Jean Rivallon en fut le 1er président et Marcel Mottet professeur.</p>
<p>En 1975 le club s&rsquo;enrichit d&rsquo;une section full-contact.<br />
En 1982, c&rsquo;est avec le baby-club que le club s&rsquo;agrandit.<br />
Puis en 1990, le club ouvre une section musculation.</p>
<p>Depuis sa création, le club a toujours participé à toutes les compétitions départementales, régionales, inter-régionales, nationales et internationales.<br />
Les plus grands maîtres et experts sont passés aux Arts Martiaux Compiègnois pour y distiller leur savoir.</p>
</div>
</div>
<p>&nbsp;</p>

<p>&nbsp; Créé en mars 1968 par Marcel Mottet au sein de la Maison des Jeunes de Compiègne en tant que section Judo Karaté Ju-jitsu, le président de l&rsquo;époque était le Docteur Michel Louis, alors maire adjoint à la jeunesse de la ville de Compiègne. Les différentes sections grandissent au point d&rsquo;être dans l&rsquo;obligation de sortir [&hellip;]</p>
