{"id":7088,"date":"2018-12-06T15:58:29","date_gmt":"2018-12-06T13:58:29","guid":{"rendered":"http:\/\/artsmartiauxcompiegnois.fr\/?page_id=7088"},"modified":"2023-12-12T15:44:50","modified_gmt":"2023-12-12T13:44:50","slug":"karate-2","status":"publish","type":"page","link":"https:\/\/artsmartiauxcompiegnois.fr\/?page_id=7088","title":{"rendered":"KARATE"},"content":{"rendered":"<h1>Le karat\u00e9 (\u7a7a\u624b\u9053) est dit \u00eatre un art martial japonais.<\/h1>\n<p>Cependant, l\u2019origine est okinawa\u00efenne (l\u2019\u00eele principale de l\u2019archipel des Ry\u016bky\u016b), qui a longtemps constitu\u00e9 un royaume ind\u00e9pendant du Japon, au sud de l\u2019\u00eele de Ky\u016bsh\u016b. En japonais, le kanji \u00ab kara \u00bb signifie le vide, et plus pr\u00e9cis\u00e9ment la vacuit\u00e9 au sens bouddhique du terme, \u00ab te \u00bb est la technique et, par extension, la main avec laquelle on la r\u00e9alise. On traduit donc karat\u00e9 litt\u00e9ralement par \u00ab la main vide \u00bb. On pourrait aussi dire, et penser, \u00ab \u00e0 main nue \u00bb. Cependant, \u00e0 l\u2019origine, karat\u00e9 \u00e9tait \u00e9crit avec les kanjis \u5510\u624b, qui signifient \u00ab boxe chinoise \u00bb (\u00ab T\u014d-De \u00bb, \u00ab la main de Chine \u00bb).<\/p>\n<p>En 1935, \u00e0 cause de la mont\u00e9e du nationalisme japonais, et aussi surtout \u00e0 cause de l\u2019antagonisme sino-japonais, et pour faciliter la reconnaissance et la diffusion du karat\u00e9, Gichin Funakoshi a remplac\u00e9 ces kanjis par l\u2019orthographe actuelle, pour \u00ab gommer \u00bb l\u2019origine chinoise, sacrifiant ainsi \u00e0 l\u2019usage japonais du moment.<\/p>\n<h1><em>Toufik HADDOUCHI, ceinture noire 6\u00e8me Dan de Karat\u00e9 &#8230;<\/em><\/h1>\n<p>encadre la section de Karat\u00e9 enfants et le Karat\u00e9 adulte aux Arts Martiaux Compi\u00e9gnois depuis la rentr\u00e9e de septembre 2018.<\/p>\n<p>Toufik est d\u00e9j\u00e0 intervenu au Club au cours de la saison 2017-2018 pour apporter son expertise aux karat\u00e9kas qui le souhaitaient, notamment pour les pr\u00e9parations aux comp\u00e9titions et passages de grade.<\/p>\n<p><a href=\"http:\/\/artsmartiauxcompiegnois.fr\/wp-content\/uploads\/2018\/06\/34816692_1825285037768484_9154850360542625792_n.jpg\"><img loading=\"lazy\" class=\"wp-image-6476 alignleft\" src=\"http:\/\/artsmartiauxcompiegnois.fr\/wp-content\/uploads\/2018\/06\/34816692_1825285037768484_9154850360542625792_n-300x225.jpg\" alt=\"\" width=\"375\" height=\"281\" srcset=\"https:\/\/artsmartiauxcompiegnois.fr\/wp-content\/uploads\/2018\/06\/34816692_1825285037768484_9154850360542625792_n-300x225.jpg 300w, https:\/\/artsmartiauxcompiegnois.fr\/wp-content\/uploads\/2018\/06\/34816692_1825285037768484_9154850360542625792_n-768x576.jpg 768w, https:\/\/artsmartiauxcompiegnois.fr\/wp-content\/uploads\/2018\/06\/34816692_1825285037768484_9154850360542625792_n-178x134.jpg 178w, https:\/\/artsmartiauxcompiegnois.fr\/wp-content\/uploads\/2018\/06\/34816692_1825285037768484_9154850360542625792_n.jpg 960w\" sizes=\"(max-width: 375px) 100vw, 375px\" \/><\/a> <a href=\"http:\/\/artsmartiauxcompiegnois.fr\/wp-content\/uploads\/2018\/06\/34603356_1825285997768388_2794219411114819584_n.jpg\"><img loading=\"lazy\" class=\"wp-image-6475 alignright\" src=\"http:\/\/artsmartiauxcompiegnois.fr\/wp-content\/uploads\/2018\/06\/34603356_1825285997768388_2794219411114819584_n-300x225.jpg\" alt=\"\" width=\"369\" height=\"277\" srcset=\"https:\/\/artsmartiauxcompiegnois.fr\/wp-content\/uploads\/2018\/06\/34603356_1825285997768388_2794219411114819584_n-300x225.jpg 300w, https:\/\/artsmartiauxcompiegnois.fr\/wp-content\/uploads\/2018\/06\/34603356_1825285997768388_2794219411114819584_n-768x576.jpg 768w, https:\/\/artsmartiauxcompiegnois.fr\/wp-content\/uploads\/2018\/06\/34603356_1825285997768388_2794219411114819584_n-178x134.jpg 178w, https:\/\/artsmartiauxcompiegnois.fr\/wp-content\/uploads\/2018\/06\/34603356_1825285997768388_2794219411114819584_n.jpg 960w\" sizes=\"(max-width: 369px) 100vw, 369px\" \/><\/a><a href=\"http:\/\/artsmartiauxcompiegnois.fr\/wp-content\/uploads\/2018\/06\/35054342_1825284911101830_3699582058796941312_n.jpg\"><img loading=\"lazy\" class=\"wp-image-6478 aligncenter\" src=\"http:\/\/artsmartiauxcompiegnois.fr\/wp-content\/uploads\/2018\/06\/35054342_1825284911101830_3699582058796941312_n-300x225.jpg\" alt=\"\" width=\"371\" height=\"278\" srcset=\"https:\/\/artsmartiauxcompiegnois.fr\/wp-content\/uploads\/2018\/06\/35054342_1825284911101830_3699582058796941312_n-300x225.jpg 300w, https:\/\/artsmartiauxcompiegnois.fr\/wp-content\/uploads\/2018\/06\/35054342_1825284911101830_3699582058796941312_n-768x576.jpg 768w, https:\/\/artsmartiauxcompiegnois.fr\/wp-content\/uploads\/2018\/06\/35054342_1825284911101830_3699582058796941312_n-178x134.jpg 178w, https:\/\/artsmartiauxcompiegnois.fr\/wp-content\/uploads\/2018\/06\/35054342_1825284911101830_3699582058796941312_n.jpg 960w\" sizes=\"(max-width: 371px) 100vw, 371px\" \/><\/a><\/p>\n<p>Notons que sa prestation lors de son passage de grade en 2018, avec pour partenaire Akim BAHMED, a particuli\u00e8rement \u00e9t\u00e9 remarqu\u00e9e par la F\u00e9d\u00e9ration Fran\u00e7aise de Karat\u00e9 qui a r\u00e9dig\u00e9 un article \u00e9logieux.<\/p>\n<p>&nbsp;<\/p>\n<h2>Les horaires d&rsquo;entrainement avec Toufik HADDOUCHI :<\/h2>\n<ul>\n<li>les lundi et jeudi de 18 \u00e0 19h00 pour les 6 \u00e0 9 ans<\/li>\n<li>les lundi et jeudi de 19h00 \u00e0 20h00 pour les 10 \u00e0 14 ans<\/li>\n<li>les lundi et jeudi de 20h00 \u00e0 21h30 pout les plus de 15 ans<\/li>\n<\/ul>\n<p>&nbsp;<\/p>\n","protected":false},"excerpt":{"rendered":"<p>Le karat\u00e9 (\u7a7a\u624b\u9053) est dit \u00eatre un art martial japonais. Cependant, l\u2019origine est okinawa\u00efenne (l\u2019\u00eele principale de l\u2019archipel des Ry\u016bky\u016b), qui a longtemps constitu\u00e9 un royaume ind\u00e9pendant du Japon, au sud de l\u2019\u00eele de Ky\u016bsh\u016b. En japonais, le kanji \u00ab kara \u00bb signifie le vide, et plus pr\u00e9cis\u00e9ment la vacuit\u00e9 au sens bouddhique du terme, [&hellip;]<\/p>\n","protected":false},"author":1,"featured_media":0,"parent":8,"menu_order":1,"comment_status":"closed","ping_status":"closed","template":"","meta":[],"_links":{"self":[{"href":"https:\/\/artsmartiauxcompiegnois.fr\/index.php?rest_route=\/wp\/v2\/pages\/7088"}],"collection":[{"href":"https:\/\/artsmartiauxcompiegnois.fr\/index.php?rest_route=\/wp\/v2\/pages"}],"about":[{"href":"https:\/\/artsmartiauxcompiegnois.fr\/index.php?rest_route=\/wp\/v2\/types\/page"}],"author":[{"embeddable":true,"href":"https:\/\/artsmartiauxcompiegnois.fr\/index.php?rest_route=\/wp\/v2\/users\/1"}],"replies":[{"embeddable":true,"href":"https:\/\/artsmartiauxcompiegnois.fr\/index.php?rest_route=%2Fwp%2Fv2%2Fcomments&post=7088"}],"version-history":[{"count":9,"href":"https:\/\/artsmartiauxcompiegnois.fr\/index.php?rest_route=\/wp\/v2\/pages\/7088\/revisions"}],"predecessor-version":[{"id":11909,"href":"https:\/\/artsmartiauxcompiegnois.fr\/index.php?rest_route=\/wp\/v2\/pages\/7088\/revisions\/11909"}],"up":[{"embeddable":true,"href":"https:\/\/artsmartiauxcompiegnois.fr\/index.php?rest_route=\/wp\/v2\/pages\/8"}],"wp:attachment":[{"href":"https:\/\/artsmartiauxcompiegnois.fr\/index.php?rest_route=%2Fwp%2Fv2%2Fmedia&parent=7088"}],"curies":[{"name":"wp","href":"https:\/\/api.w.org\/{rel}","templated":true}]}}

<h1>Le karaté (空手道) est dit être un art martial japonais.</h1>
<p>Cependant, l’origine est okinawaïenne (l’île principale de l’archipel des Ryūkyū), qui a longtemps constitué un royaume indépendant du Japon, au sud de l’île de Kyūshū. En japonais, le kanji « kara » signifie le vide, et plus précisément la vacuité au sens bouddhique du terme, « te » est la technique et, par extension, la main avec laquelle on la réalise. On traduit donc karaté littéralement par « la main vide ». On pourrait aussi dire, et penser, « à main nue ». Cependant, à l’origine, karaté était écrit avec les kanjis 唐手, qui signifient « boxe chinoise » (« Tō-De », « la main de Chine »).</p>
<p>En 1935, à cause de la montée du nationalisme japonais, et aussi surtout à cause de l’antagonisme sino-japonais, et pour faciliter la reconnaissance et la diffusion du karaté, Gichin Funakoshi a remplacé ces kanjis par l’orthographe actuelle, pour « gommer » l’origine chinoise, sacrifiant ainsi à l’usage japonais du moment.</p>
<h1><em>Toufik HADDOUCHI, ceinture noire 6ème Dan de Karaté &#8230;</em></h1>
<p>encadre la section de Karaté enfants et le Karaté adulte aux Arts Martiaux Compiégnois depuis la rentrée de septembre 2018.</p>
<p>Toufik est déjà intervenu au Club au cours de la saison 2017-2018 pour apporter son expertise aux karatékas qui le souhaitaient, notamment pour les préparations aux compétitions et passages de grade.</p>
<p><a href="http://artsmartiauxcompiegnois.fr/wp-content/uploads/2018/06/34816692_1825285037768484_9154850360542625792_n.jpg"><img loading="lazy" class="wp-image-6476 alignleft" src="http://artsmartiauxcompiegnois.fr/wp-content/uploads/2018/06/34816692_1825285037768484_9154850360542625792_n-300x225.jpg" alt="" width="375" height="281" srcset="https://artsmartiauxcompiegnois.fr/wp-content/uploads/2018/06/34816692_1825285037768484_9154850360542625792_n-300x225.jpg 300w, https://artsmartiauxcompiegnois.fr/wp-content/uploads/2018/06/34816692_1825285037768484_9154850360542625792_n-768x576.jpg 768w, https://artsmartiauxcompiegnois.fr/wp-content/uploads/2018/06/34816692_1825285037768484_9154850360542625792_n-178x134.jpg 178w, https://artsmartiauxcompiegnois.fr/wp-content/uploads/2018/06/34816692_1825285037768484_9154850360542625792_n.jpg 960w" sizes="(max-width: 375px) 100vw, 375px" /></a> <a href="http://artsmartiauxcompiegnois.fr/wp-content/uploads/2018/06/34603356_1825285997768388_2794219411114819584_n.jpg"><img loading="lazy" class="wp-image-6475 alignright" src="http://artsmartiauxcompiegnois.fr/wp-content/uploads/2018/06/34603356_1825285997768388_2794219411114819584_n-300x225.jpg" alt="" width="369" height="277" srcset="https://artsmartiauxcompiegnois.fr/wp-content/uploads/2018/06/34603356_1825285997768388_2794219411114819584_n-300x225.jpg 300w, https://artsmartiauxcompiegnois.fr/wp-content/uploads/2018/06/34603356_1825285997768388_2794219411114819584_n-768x576.jpg 768w, https://artsmartiauxcompiegnois.fr/wp-content/uploads/2018/06/34603356_1825285997768388_2794219411114819584_n-178x134.jpg 178w, https://artsmartiauxcompiegnois.fr/wp-content/uploads/2018/06/34603356_1825285997768388_2794219411114819584_n.jpg 960w" sizes="(max-width: 369px) 100vw, 369px" /></a><a href="http://artsmartiauxcompiegnois.fr/wp-content/uploads/2018/06/35054342_1825284911101830_3699582058796941312_n.jpg"><img loading="lazy" class="wp-image-6478 aligncenter" src="http://artsmartiauxcompiegnois.fr/wp-content/uploads/2018/06/35054342_1825284911101830_3699582058796941312_n-300x225.jpg" alt="" width="371" height="278" srcset="https://artsmartiauxcompiegnois.fr/wp-content/uploads/2018/06/35054342_1825284911101830_3699582058796941312_n-300x225.jpg 300w, https://artsmartiauxcompiegnois.fr/wp-content/uploads/2018/06/35054342_1825284911101830_3699582058796941312_n-768x576.jpg 768w, https://artsmartiauxcompiegnois.fr/wp-content/uploads/2018/06/35054342_1825284911101830_3699582058796941312_n-178x134.jpg 178w, https://artsmartiauxcompiegnois.fr/wp-content/uploads/2018/06/35054342_1825284911101830_3699582058796941312_n.jpg 960w" sizes="(max-width: 371px) 100vw, 371px" /></a></p>
<p>Notons que sa prestation lors de son passage de grade en 2018, avec pour partenaire Akim BAHMED, a particulièrement été remarquée par la Fédération Française de Karaté qui a rédigé un article élogieux.</p>
<p>&nbsp;</p>
<h2>Les horaires d&rsquo;entrainement avec Toufik HADDOUCHI :</h2>
<ul>
<li>les lundi et jeudi de 18 à 19h00 pour les 6 à 9 ans</li>
<li>les lundi et jeudi de 19h00 à 20h00 pour les 10 à 14 ans</li>
<li>les lundi et jeudi de 20h00 à 21h30 pout les plus de 15 ans</li>
</ul>
<p>&nbsp;</p>

<p>Le karaté (空手道) est dit être un art martial japonais. Cependant, l’origine est okinawaïenne (l’île principale de l’archipel des Ryūkyū), qui a longtemps constitué un royaume indépendant du Japon, au sud de l’île de Kyūshū. En japonais, le kanji « kara » signifie le vide, et plus précisément la vacuité au sens bouddhique du terme, [&hellip;]</p>
