{"id":10446,"date":"2021-05-21T15:04:37","date_gmt":"2021-05-21T13:04:37","guid":{"rendered":"http:\/\/artsmartiauxcompiegnois.fr\/?post_type=tribe_events&#038;p=10446"},"modified":"2021-05-21T15:14:10","modified_gmt":"2021-05-21T13:14:10","slug":"dif-les-formations-reprennent-en-juin","status":"publish","type":"tribe_events","link":"https:\/\/artsmartiauxcompiegnois.fr\/?tribe_events=dif-les-formations-reprennent-en-juin","title":{"rendered":"DIF &#8211; les formations reprennent en juin"},"content":{"rendered":"<p>La Zone Interd\u00e9partementale de Picardie de Karat\u00e9 &amp; disciplines associ\u00e9es reprennent les formations des encadrants les <span style=\"color: #ff0000;\"><strong>05, 06, 12 et 13 juin 2021.<\/strong><\/span><\/p>\n<p>Ces formations se d\u00e9rouleront dans les locaux de Club des Arts Martiaux Compi\u00e9gnois, dans le respect des protocoles sanitaires en vigueur.<\/p>\n","protected":false},"excerpt":{"rendered":"<p>La Zone Interd\u00e9partementale de Picardie de Karat\u00e9 &amp; disciplines associ\u00e9es reprennent les formations des encadrants les 05, 06, 12 et 13 juin 2021. Ces formations se d\u00e9rouleront dans les locaux de Club des Arts Martiaux Compi\u00e9gnois, dans le respect des protocoles sanitaires en vigueur.<\/p>\n","protected":false},"author":1,"featured_media":0,"template":"","meta":[],"tags":[377,220,375],"tribe_events_cat":[350],"_links":{"self":[{"href":"https:\/\/artsmartiauxcompiegnois.fr\/index.php?rest_route=\/wp\/v2\/tribe_events\/10446"}],"collection":[{"href":"https:\/\/artsmartiauxcompiegnois.fr\/index.php?rest_route=\/wp\/v2\/tribe_events"}],"about":[{"href":"https:\/\/artsmartiauxcompiegnois.fr\/index.php?rest_route=\/wp\/v2\/types\/tribe_events"}],"author":[{"embeddable":true,"href":"https:\/\/artsmartiauxcompiegnois.fr\/index.php?rest_route=\/wp\/v2\/users\/1"}],"version-history":[{"count":2,"href":"https:\/\/artsmartiauxcompiegnois.fr\/index.php?rest_route=\/wp\/v2\/tribe_events\/10446\/revisions"}],"predecessor-version":[{"id":10448,"href":"https:\/\/artsmartiauxcompiegnois.fr\/index.php?rest_route=\/wp\/v2\/tribe_events\/10446\/revisions\/10448"}],"wp:attachment":[{"href":"https:\/\/artsmartiauxcompiegnois.fr\/index.php?rest_route=%2Fwp%2Fv2%2Fmedia&parent=10446"}],"wp:term":[{"taxonomy":"post_tag","embeddable":true,"href":"https:\/\/artsmartiauxcompiegnois.fr\/index.php?rest_route=%2Fwp%2Fv2%2Ftags&post=10446"},{"taxonomy":"tribe_events_cat","embeddable":true,"href":"https:\/\/artsmartiauxcompiegnois.fr\/index.php?rest_route=%2Fwp%2Fv2%2Ftribe_events_cat&post=10446"}],"curies":[{"name":"wp","href":"https:\/\/api.w.org\/{rel}","templated":true}]}}

<p>La Zone Interdépartementale de Picardie de Karaté &amp; disciplines associées reprennent les formations des encadrants les <span style="color: #ff0000;"><strong>05, 06, 12 et 13 juin 2021.</strong></span></p>
<p>Ces formations se dérouleront dans les locaux de Club des Arts Martiaux Compiégnois, dans le respect des protocoles sanitaires en vigueur.</p>

<p>La Zone Interdépartementale de Picardie de Karaté &amp; disciplines associées reprennent les formations des encadrants les 05, 06, 12 et 13 juin 2021. Ces formations se dérouleront dans les locaux de Club des Arts Martiaux Compiégnois, dans le respect des protocoles sanitaires en vigueur.</p>
