{"id":11360,"date":"2022-09-28T13:15:25","date_gmt":"2022-09-28T11:15:25","guid":{"rendered":"https:\/\/artsmartiauxcompiegnois.fr\/?post_type=tribe_events&#038;p=11360"},"modified":"2022-09-28T13:19:27","modified_gmt":"2022-09-28T11:19:27","slug":"coupe-de-picardie-karate-kata-combat-09-10-2022","status":"publish","type":"tribe_events","link":"https:\/\/artsmartiauxcompiegnois.fr\/?tribe_events=coupe-de-picardie-karate-kata-combat-09-10-2022","title":{"rendered":"Coupe de Picardie &#8211; Karat\u00e9 Kata\/Combat 09\/10\/2022"},"content":{"rendered":"<p><a href=\"http:\/\/artsmartiauxcompiegnois.fr\/wp-content\/uploads\/2022\/09\/coupe-picardie-09-10-22.jpg\"><img loading=\"lazy\" class=\"alignnone size-medium wp-image-11361\" src=\"http:\/\/artsmartiauxcompiegnois.fr\/wp-content\/uploads\/2022\/09\/coupe-picardie-09-10-22-212x300.jpg\" alt=\"\" width=\"212\" height=\"300\" srcset=\"https:\/\/artsmartiauxcompiegnois.fr\/wp-content\/uploads\/2022\/09\/coupe-picardie-09-10-22-212x300.jpg 212w, https:\/\/artsmartiauxcompiegnois.fr\/wp-content\/uploads\/2022\/09\/coupe-picardie-09-10-22-724x1024.jpg 724w, https:\/\/artsmartiauxcompiegnois.fr\/wp-content\/uploads\/2022\/09\/coupe-picardie-09-10-22-768x1086.jpg 768w, https:\/\/artsmartiauxcompiegnois.fr\/wp-content\/uploads\/2022\/09\/coupe-picardie-09-10-22-1086x1536.jpg 1086w, https:\/\/artsmartiauxcompiegnois.fr\/wp-content\/uploads\/2022\/09\/coupe-picardie-09-10-22-126x178.jpg 126w, https:\/\/artsmartiauxcompiegnois.fr\/wp-content\/uploads\/2022\/09\/coupe-picardie-09-10-22.jpg 1240w\" sizes=\"(max-width: 212px) 100vw, 212px\" \/><\/a><\/p>\n","protected":false},"excerpt":{"rendered":"<p>Cette comp\u00e9tition est ouverte pour les comp\u00e9titeurs minimes \u00e0 v\u00e9t\u00e9rans, en Kata et Combat, d\u00e9butants comme confirm\u00e9s<\/p>\n","protected":false},"author":3,"featured_media":11361,"template":"","meta":[],"tags":[],"tribe_events_cat":[],"_links":{"self":[{"href":"https:\/\/artsmartiauxcompiegnois.fr\/index.php?rest_route=\/wp\/v2\/tribe_events\/11360"}],"collection":[{"href":"https:\/\/artsmartiauxcompiegnois.fr\/index.php?rest_route=\/wp\/v2\/tribe_events"}],"about":[{"href":"https:\/\/artsmartiauxcompiegnois.fr\/index.php?rest_route=\/wp\/v2\/types\/tribe_events"}],"author":[{"embeddable":true,"href":"https:\/\/artsmartiauxcompiegnois.fr\/index.php?rest_route=\/wp\/v2\/users\/3"}],"version-history":[{"count":2,"href":"https:\/\/artsmartiauxcompiegnois.fr\/index.php?rest_route=\/wp\/v2\/tribe_events\/11360\/revisions"}],"predecessor-version":[{"id":11365,"href":"https:\/\/artsmartiauxcompiegnois.fr\/index.php?rest_route=\/wp\/v2\/tribe_events\/11360\/revisions\/11365"}],"wp:featuredmedia":[{"embeddable":true,"href":"https:\/\/artsmartiauxcompiegnois.fr\/index.php?rest_route=\/wp\/v2\/media\/11361"}],"wp:attachment":[{"href":"https:\/\/artsmartiauxcompiegnois.fr\/index.php?rest_route=%2Fwp%2Fv2%2Fmedia&parent=11360"}],"wp:term":[{"taxonomy":"post_tag","embeddable":true,"href":"https:\/\/artsmartiauxcompiegnois.fr\/index.php?rest_route=%2Fwp%2Fv2%2Ftags&post=11360"},{"taxonomy":"tribe_events_cat","embeddable":true,"href":"https:\/\/artsmartiauxcompiegnois.fr\/index.php?rest_route=%2Fwp%2Fv2%2Ftribe_events_cat&post=11360"}],"curies":[{"name":"wp","href":"https:\/\/api.w.org\/{rel}","templated":true}]}}

Coupe de Picardie &#8211; Karaté Kata/Combat 09/10/2022

<p>Cette compétition est ouverte pour les compétiteurs minimes à vétérans, en Kata et Combat, débutants comme confirmés</p>
