{"id":12034,"date":"2024-01-26T13:35:03","date_gmt":"2024-01-26T11:35:03","guid":{"rendered":"https:\/\/artsmartiauxcompiegnois.fr\/?post_type=tribe_events&#038;p=12034"},"modified":"2024-01-26T13:39:03","modified_gmt":"2024-01-26T11:39:03","slug":"12034","status":"publish","type":"tribe_events","link":"https:\/\/artsmartiauxcompiegnois.fr\/?tribe_events=12034","title":{"rendered":"Training camp avec Morgan Charriere"},"content":{"rendered":"<p><img loading=\"lazy\" class=\"aligncenter size-large wp-image-12035\" src=\"http:\/\/artsmartiauxcompiegnois.fr\/wp-content\/uploads\/2024\/01\/stage-mma-11022024-819x1024.jpg\" alt=\"\" width=\"819\" height=\"1024\" srcset=\"https:\/\/artsmartiauxcompiegnois.fr\/wp-content\/uploads\/2024\/01\/stage-mma-11022024-819x1024.jpg 819w, https:\/\/artsmartiauxcompiegnois.fr\/wp-content\/uploads\/2024\/01\/stage-mma-11022024-240x300.jpg 240w, https:\/\/artsmartiauxcompiegnois.fr\/wp-content\/uploads\/2024\/01\/stage-mma-11022024-768x960.jpg 768w, https:\/\/artsmartiauxcompiegnois.fr\/wp-content\/uploads\/2024\/01\/stage-mma-11022024-142x178.jpg 142w, https:\/\/artsmartiauxcompiegnois.fr\/wp-content\/uploads\/2024\/01\/stage-mma-11022024.jpg 864w\" sizes=\"(max-width: 819px) 100vw, 819px\" \/><\/p>\n<p>Notre club organise un Stage exceptionnel avec Morgan CHARRI\u00c8RE, qui est un pratiquant fran\u00e7ais d&rsquo;arts martiaux mixtes (MMA).<\/p>\n<p>Soci\u00e9taire de la Team Chapa Quente (Mantes la Jolie), aux influences de boxe fran\u00e7aise, de Luta Livre et de jiu-jitsu br\u00e9silien, il \u00e9volue actuellement \u00e0 l\u2019UFC dans la cat\u00e9gorie des poids plumes.<\/p>\n<p>Le 12 d\u00e9cembre 2020, il devient le champion des poids plumes au Cage Warriors \u00e0 la suite de sa victoire contre Perry Goodwin.<\/p>\n","protected":false},"excerpt":{"rendered":"<p>Notre club organise un Stage exceptionnel avec Morgan CHARRI\u00c8RE, qui est un pratiquant fran\u00e7ais d&rsquo;arts martiaux mixtes (MMA). Soci\u00e9taire de la Team Chapa Quente (Mantes la Jolie), aux influences de boxe fran\u00e7aise, de Luta Livre et de jiu-jitsu br\u00e9silien, il \u00e9volue actuellement \u00e0 l\u2019UFC dans la cat\u00e9gorie des poids plumes. Le 12 d\u00e9cembre 2020, il [&hellip;]<\/p>\n","protected":false},"author":3,"featured_media":12035,"template":"","meta":[],"tags":[106,279],"tribe_events_cat":[350],"_links":{"self":[{"href":"https:\/\/artsmartiauxcompiegnois.fr\/index.php?rest_route=\/wp\/v2\/tribe_events\/12034"}],"collection":[{"href":"https:\/\/artsmartiauxcompiegnois.fr\/index.php?rest_route=\/wp\/v2\/tribe_events"}],"about":[{"href":"https:\/\/artsmartiauxcompiegnois.fr\/index.php?rest_route=\/wp\/v2\/types\/tribe_events"}],"author":[{"embeddable":true,"href":"https:\/\/artsmartiauxcompiegnois.fr\/index.php?rest_route=\/wp\/v2\/users\/3"}],"version-history":[{"count":3,"href":"https:\/\/artsmartiauxcompiegnois.fr\/index.php?rest_route=\/wp\/v2\/tribe_events\/12034\/revisions"}],"predecessor-version":[{"id":12038,"href":"https:\/\/artsmartiauxcompiegnois.fr\/index.php?rest_route=\/wp\/v2\/tribe_events\/12034\/revisions\/12038"}],"wp:featuredmedia":[{"embeddable":true,"href":"https:\/\/artsmartiauxcompiegnois.fr\/index.php?rest_route=\/wp\/v2\/media\/12035"}],"wp:attachment":[{"href":"https:\/\/artsmartiauxcompiegnois.fr\/index.php?rest_route=%2Fwp%2Fv2%2Fmedia&parent=12034"}],"wp:term":[{"taxonomy":"post_tag","embeddable":true,"href":"https:\/\/artsmartiauxcompiegnois.fr\/index.php?rest_route=%2Fwp%2Fv2%2Ftags&post=12034"},{"taxonomy":"tribe_events_cat","embeddable":true,"href":"https:\/\/artsmartiauxcompiegnois.fr\/index.php?rest_route=%2Fwp%2Fv2%2Ftribe_events_cat&post=12034"}],"curies":[{"name":"wp","href":"https:\/\/api.w.org\/{rel}","templated":true}]}}

<p><img loading="lazy" class="aligncenter size-large wp-image-12035" src="http://artsmartiauxcompiegnois.fr/wp-content/uploads/2024/01/stage-mma-11022024-819x1024.jpg" alt="" width="819" height="1024" srcset="https://artsmartiauxcompiegnois.fr/wp-content/uploads/2024/01/stage-mma-11022024-819x1024.jpg 819w, https://artsmartiauxcompiegnois.fr/wp-content/uploads/2024/01/stage-mma-11022024-240x300.jpg 240w, https://artsmartiauxcompiegnois.fr/wp-content/uploads/2024/01/stage-mma-11022024-768x960.jpg 768w, https://artsmartiauxcompiegnois.fr/wp-content/uploads/2024/01/stage-mma-11022024-142x178.jpg 142w, https://artsmartiauxcompiegnois.fr/wp-content/uploads/2024/01/stage-mma-11022024.jpg 864w" sizes="(max-width: 819px) 100vw, 819px" /></p>
<p>Notre club organise un Stage exceptionnel avec Morgan CHARRIÈRE, qui est un pratiquant français d&rsquo;arts martiaux mixtes (MMA).</p>
<p>Sociétaire de la Team Chapa Quente (Mantes la Jolie), aux influences de boxe française, de Luta Livre et de jiu-jitsu brésilien, il évolue actuellement à l’UFC dans la catégorie des poids plumes.</p>
<p>Le 12 décembre 2020, il devient le champion des poids plumes au Cage Warriors à la suite de sa victoire contre Perry Goodwin.</p>

<p>Notre club organise un Stage exceptionnel avec Morgan CHARRIÈRE, qui est un pratiquant français d&rsquo;arts martiaux mixtes (MMA). Sociétaire de la Team Chapa Quente (Mantes la Jolie), aux influences de boxe française, de Luta Livre et de jiu-jitsu brésilien, il évolue actuellement à l’UFC dans la catégorie des poids plumes. Le 12 décembre 2020, il [&hellip;]</p>
