{"id":2606,"date":"2015-07-28T18:37:11","date_gmt":"2015-07-28T16:37:11","guid":{"rendered":"http:\/\/artsmartiauxcompiegnois.fr\/?post_type=tribe_events&#038;p=2606"},"modified":"2015-07-28T18:37:11","modified_gmt":"2015-07-28T16:37:11","slug":"demonstration-au-decathlon-de-jaux-venette","status":"publish","type":"tribe_events","link":"https:\/\/artsmartiauxcompiegnois.fr\/?tribe_events=demonstration-au-decathlon-de-jaux-venette","title":{"rendered":"D\u00e9monstration au D\u00e9cathlon de Jaux-Venette"},"content":{"rendered":"<p>RDV le 29 aout 2015 de 10h \u00e0 18h au <a class=\"profileLink\" href=\"https:\/\/www.facebook.com\/pages\/Decathlon-Jaux-Compi%C3%A8gne\/308254305892012\" data-hovercard=\"\/ajax\/hovercard\/page.php?id=308254305892012\">Decathlon Jaux Compi\u00e8gne<\/a> avec les <a class=\"profileLink\" href=\"https:\/\/www.facebook.com\/artsmartiaux.compiegnois\" data-hovercard=\"\/ajax\/hovercard\/user.php?id=100002805097114\">Arts Martiaux Compi\u00e9gnois<\/a> et nos encadrants pour une d\u00e9monstration de Karat\u00e9, Ta\u00ef-jitsu, Full contact, K1, Judo, Krav Maga,MMA, et nos nouvelles disciplines le Body Fitness Zumba et le Combat mixte ados.<\/p>\n<p>&nbsp;<\/p>\n<p>&nbsp;<\/p>\n","protected":false},"excerpt":{"rendered":"<p>RDV le 29 aout 2015 de 10h \u00e0 18h au Decathlon Jaux Compi\u00e8gne avec les Arts Martiaux Compi\u00e9gnois et nos encadrants pour une d\u00e9monstration de Karat\u00e9, Ta\u00ef-jitsu, Full contact, K1, Judo, Krav Maga,MMA, et nos nouvelles disciplines le Body Fitness Zumba et le Combat mixte ados. &nbsp; &nbsp;<\/p>\n","protected":false},"author":1,"featured_media":2607,"template":"","meta":[],"tags":[],"tribe_events_cat":[],"_links":{"self":[{"href":"https:\/\/artsmartiauxcompiegnois.fr\/index.php?rest_route=\/wp\/v2\/tribe_events\/2606"}],"collection":[{"href":"https:\/\/artsmartiauxcompiegnois.fr\/index.php?rest_route=\/wp\/v2\/tribe_events"}],"about":[{"href":"https:\/\/artsmartiauxcompiegnois.fr\/index.php?rest_route=\/wp\/v2\/types\/tribe_events"}],"author":[{"embeddable":true,"href":"https:\/\/artsmartiauxcompiegnois.fr\/index.php?rest_route=\/wp\/v2\/users\/1"}],"version-history":[{"count":0,"href":"https:\/\/artsmartiauxcompiegnois.fr\/index.php?rest_route=\/wp\/v2\/tribe_events\/2606\/revisions"}],"wp:featuredmedia":[{"embeddable":true,"href":"https:\/\/artsmartiauxcompiegnois.fr\/index.php?rest_route=\/wp\/v2\/media\/2607"}],"wp:attachment":[{"href":"https:\/\/artsmartiauxcompiegnois.fr\/index.php?rest_route=%2Fwp%2Fv2%2Fmedia&parent=2606"}],"wp:term":[{"taxonomy":"post_tag","embeddable":true,"href":"https:\/\/artsmartiauxcompiegnois.fr\/index.php?rest_route=%2Fwp%2Fv2%2Ftags&post=2606"},{"taxonomy":"tribe_events_cat","embeddable":true,"href":"https:\/\/artsmartiauxcompiegnois.fr\/index.php?rest_route=%2Fwp%2Fv2%2Ftribe_events_cat&post=2606"}],"curies":[{"name":"wp","href":"https:\/\/api.w.org\/{rel}","templated":true}]}}

Démonstration au Décathlon de Jaux-Venette

<p>RDV le 29 aout 2015 de 10h à 18h au <a class="profileLink" href="https://www.facebook.com/pages/Decathlon-Jaux-Compi%C3%A8gne/308254305892012" data-hovercard="/ajax/hovercard/page.php?id=308254305892012">Decathlon Jaux Compiègne</a> avec les <a class="profileLink" href="https://www.facebook.com/artsmartiaux.compiegnois" data-hovercard="/ajax/hovercard/user.php?id=100002805097114">Arts Martiaux Compiégnois</a> et nos encadrants pour une démonstration de Karaté, Taï-jitsu, Full contact, K1, Judo, Krav Maga,MMA, et nos nouvelles disciplines le Body Fitness Zumba et le Combat mixte ados.</p>
<p>&nbsp;</p>
<p>&nbsp;</p>

<p>RDV le 29 aout 2015 de 10h à 18h au Decathlon Jaux Compiègne avec les Arts Martiaux Compiégnois et nos encadrants pour une démonstration de Karaté, Taï-jitsu, Full contact, K1, Judo, Krav Maga,MMA, et nos nouvelles disciplines le Body Fitness Zumba et le Combat mixte ados. &nbsp; &nbsp;</p>
