{"id":2731,"date":"2015-11-24T22:05:56","date_gmt":"2015-11-24T20:05:56","guid":{"rendered":"http:\/\/artsmartiauxcompiegnois.fr\/?post_type=tribe_events&#038;p=2731"},"modified":"2015-11-24T22:05:56","modified_gmt":"2015-11-24T20:05:56","slug":"telethon-2015","status":"publish","type":"tribe_events","link":"https:\/\/artsmartiauxcompiegnois.fr\/?tribe_events=telethon-2015","title":{"rendered":"T\u00c9L\u00c9THON 2015"},"content":{"rendered":"<p>&nbsp;<\/p>\n<p>Le club des Arts Martiaux Compi\u00e9gnois participe comme tous les ans au T\u00c9L\u00c9THON. Cette ann\u00e9e le club organise sur toute la semaine du 30 novembre au 4 d\u00e9cembre 2015 des d\u00e9fis propos\u00e9s par les encadrants.<\/p>\n<p>Le samedi 5 d\u00e9cembre un fil rouge est organis\u00e9 avec un parcours d\u2019endurance au gymnase ainsi qu\u2019une comp\u00e9tition de judo dans le dojo de 10h00 \u00e0\u00a0 17h00.<\/p>\n<p>&nbsp;<\/p>\n<p>&nbsp;<\/p>\n","protected":false},"excerpt":{"rendered":"<p>&nbsp; Le club des Arts Martiaux Compi\u00e9gnois participe comme tous les ans au T\u00c9L\u00c9THON. Cette ann\u00e9e le club organise sur toute la semaine du 30 novembre au 4 d\u00e9cembre 2015 des d\u00e9fis propos\u00e9s par les encadrants. Le samedi 5 d\u00e9cembre un fil rouge est organis\u00e9 avec un parcours d\u2019endurance au gymnase ainsi qu\u2019une comp\u00e9tition de [&hellip;]<\/p>\n","protected":false},"author":1,"featured_media":2734,"template":"","meta":[],"tags":[],"tribe_events_cat":[],"_links":{"self":[{"href":"https:\/\/artsmartiauxcompiegnois.fr\/index.php?rest_route=\/wp\/v2\/tribe_events\/2731"}],"collection":[{"href":"https:\/\/artsmartiauxcompiegnois.fr\/index.php?rest_route=\/wp\/v2\/tribe_events"}],"about":[{"href":"https:\/\/artsmartiauxcompiegnois.fr\/index.php?rest_route=\/wp\/v2\/types\/tribe_events"}],"author":[{"embeddable":true,"href":"https:\/\/artsmartiauxcompiegnois.fr\/index.php?rest_route=\/wp\/v2\/users\/1"}],"version-history":[{"count":0,"href":"https:\/\/artsmartiauxcompiegnois.fr\/index.php?rest_route=\/wp\/v2\/tribe_events\/2731\/revisions"}],"wp:featuredmedia":[{"embeddable":true,"href":"https:\/\/artsmartiauxcompiegnois.fr\/index.php?rest_route=\/wp\/v2\/media\/2734"}],"wp:attachment":[{"href":"https:\/\/artsmartiauxcompiegnois.fr\/index.php?rest_route=%2Fwp%2Fv2%2Fmedia&parent=2731"}],"wp:term":[{"taxonomy":"post_tag","embeddable":true,"href":"https:\/\/artsmartiauxcompiegnois.fr\/index.php?rest_route=%2Fwp%2Fv2%2Ftags&post=2731"},{"taxonomy":"tribe_events_cat","embeddable":true,"href":"https:\/\/artsmartiauxcompiegnois.fr\/index.php?rest_route=%2Fwp%2Fv2%2Ftribe_events_cat&post=2731"}],"curies":[{"name":"wp","href":"https:\/\/api.w.org\/{rel}","templated":true}]}}

TÉLÉTHON 2015

<p>&nbsp;</p>
<p>Le club des Arts Martiaux Compiégnois participe comme tous les ans au TÉLÉTHON. Cette année le club organise sur toute la semaine du 30 novembre au 4 décembre 2015 des défis proposés par les encadrants.</p>
<p>Le samedi 5 décembre un fil rouge est organisé avec un parcours d’endurance au gymnase ainsi qu’une compétition de judo dans le dojo de 10h00 à  17h00.</p>
<p>&nbsp;</p>
<p>&nbsp;</p>

<p>&nbsp; Le club des Arts Martiaux Compiégnois participe comme tous les ans au TÉLÉTHON. Cette année le club organise sur toute la semaine du 30 novembre au 4 décembre 2015 des défis proposés par les encadrants. Le samedi 5 décembre un fil rouge est organisé avec un parcours d’endurance au gymnase ainsi qu’une compétition de [&hellip;]</p>
