{"id":3508,"date":"2016-07-02T16:45:59","date_gmt":"2016-07-02T14:45:59","guid":{"rendered":"http:\/\/artsmartiauxcompiegnois.fr\/?post_type=tribe_events&#038;p=3508"},"modified":"2016-08-18T17:03:15","modified_gmt":"2016-08-18T15:03:15","slug":"demonstration-chez-notre-partenaire-decathlon","status":"publish","type":"tribe_events","link":"https:\/\/artsmartiauxcompiegnois.fr\/?tribe_events=demonstration-chez-notre-partenaire-decathlon","title":{"rendered":"D\u00e9monstration chez notre partenaire D\u00c9CATHLON"},"content":{"rendered":"<p>Le samedi 27 ao\u00fbt 2016, le club des Arts Martiaux Compi\u00e9gnois sera pr\u00e9sent \u00e0 la journ\u00e9e VITALSPORT \u00a0organis\u00e9e par notre partenaire <strong>D\u00c9CATHLON<\/strong>. Soyez nombreux pour appr\u00e9cier les prouesses de nos athl\u00e8tes.<\/p>\n<p>&nbsp;<\/p>\n<p>&nbsp;<\/p>\n","protected":false},"excerpt":{"rendered":"<p>Le samedi 27 ao\u00fbt 2016, le club des Arts Martiaux Compi\u00e9gnois sera pr\u00e9sent \u00e0 la journ\u00e9e VITALSPORT \u00a0organis\u00e9e par notre partenaire D\u00c9CATHLON. Soyez nombreux pour appr\u00e9cier les prouesses de nos athl\u00e8tes. &nbsp; &nbsp;<\/p>\n","protected":false},"author":1,"featured_media":3613,"template":"","meta":[],"tags":[178,177],"tribe_events_cat":[],"_links":{"self":[{"href":"https:\/\/artsmartiauxcompiegnois.fr\/index.php?rest_route=\/wp\/v2\/tribe_events\/3508"}],"collection":[{"href":"https:\/\/artsmartiauxcompiegnois.fr\/index.php?rest_route=\/wp\/v2\/tribe_events"}],"about":[{"href":"https:\/\/artsmartiauxcompiegnois.fr\/index.php?rest_route=\/wp\/v2\/types\/tribe_events"}],"author":[{"embeddable":true,"href":"https:\/\/artsmartiauxcompiegnois.fr\/index.php?rest_route=\/wp\/v2\/users\/1"}],"version-history":[{"count":1,"href":"https:\/\/artsmartiauxcompiegnois.fr\/index.php?rest_route=\/wp\/v2\/tribe_events\/3508\/revisions"}],"predecessor-version":[{"id":3519,"href":"https:\/\/artsmartiauxcompiegnois.fr\/index.php?rest_route=\/wp\/v2\/tribe_events\/3508\/revisions\/3519"}],"wp:featuredmedia":[{"embeddable":true,"href":"https:\/\/artsmartiauxcompiegnois.fr\/index.php?rest_route=\/wp\/v2\/media\/3613"}],"wp:attachment":[{"href":"https:\/\/artsmartiauxcompiegnois.fr\/index.php?rest_route=%2Fwp%2Fv2%2Fmedia&parent=3508"}],"wp:term":[{"taxonomy":"post_tag","embeddable":true,"href":"https:\/\/artsmartiauxcompiegnois.fr\/index.php?rest_route=%2Fwp%2Fv2%2Ftags&post=3508"},{"taxonomy":"tribe_events_cat","embeddable":true,"href":"https:\/\/artsmartiauxcompiegnois.fr\/index.php?rest_route=%2Fwp%2Fv2%2Ftribe_events_cat&post=3508"}],"curies":[{"name":"wp","href":"https:\/\/api.w.org\/{rel}","templated":true}]}}

Démonstration chez notre partenaire DÉCATHLON

<p>Le samedi 27 août 2016, le club des Arts Martiaux Compiégnois sera présent à la journée VITALSPORT  organisée par notre partenaire <strong>DÉCATHLON</strong>. Soyez nombreux pour apprécier les prouesses de nos athlètes.</p>
<p>&nbsp;</p>
<p>&nbsp;</p>

<p>Le samedi 27 août 2016, le club des Arts Martiaux Compiégnois sera présent à la journée VITALSPORT  organisée par notre partenaire DÉCATHLON. Soyez nombreux pour apprécier les prouesses de nos athlètes. &nbsp; &nbsp;</p>
