{"id":4283,"date":"2017-11-18T18:57:46","date_gmt":"2017-11-18T16:57:46","guid":{"rendered":"http:\/\/artsmartiauxcompiegnois.fr\/?post_type=tribe_events&#038;p=4283"},"modified":"2017-11-18T18:57:46","modified_gmt":"2017-11-18T16:57:46","slug":"coupe-departementale-kata-combat","status":"publish","type":"tribe_events","link":"https:\/\/artsmartiauxcompiegnois.fr\/?tribe_events=coupe-departementale-kata-combat","title":{"rendered":"Coupe d\u00e9partementale KATA &#038; COMBAT"},"content":{"rendered":"<p>KARAT\u00c9 ????<\/p>\n<p>Coupe d\u00e9partementale KATA &amp; COMBAT organis\u00e9 par le comit\u00e9 de l\u2019Oise de KARAT\u00c9 au gymnase ROBIDA de Compi\u00e8gne.<\/p>\n","protected":false},"excerpt":{"rendered":"<p>KARAT\u00c9 ???? Coupe d\u00e9partementale KATA &amp; COMBAT organis\u00e9 par le comit\u00e9 de l\u2019Oise de KARAT\u00c9 au gymnase ROBIDA de Compi\u00e8gne.<\/p>\n","protected":false},"author":1,"featured_media":4284,"template":"","meta":[],"tags":[],"tribe_events_cat":[],"_links":{"self":[{"href":"https:\/\/artsmartiauxcompiegnois.fr\/index.php?rest_route=\/wp\/v2\/tribe_events\/4283"}],"collection":[{"href":"https:\/\/artsmartiauxcompiegnois.fr\/index.php?rest_route=\/wp\/v2\/tribe_events"}],"about":[{"href":"https:\/\/artsmartiauxcompiegnois.fr\/index.php?rest_route=\/wp\/v2\/types\/tribe_events"}],"author":[{"embeddable":true,"href":"https:\/\/artsmartiauxcompiegnois.fr\/index.php?rest_route=\/wp\/v2\/users\/1"}],"version-history":[{"count":1,"href":"https:\/\/artsmartiauxcompiegnois.fr\/index.php?rest_route=\/wp\/v2\/tribe_events\/4283\/revisions"}],"predecessor-version":[{"id":4285,"href":"https:\/\/artsmartiauxcompiegnois.fr\/index.php?rest_route=\/wp\/v2\/tribe_events\/4283\/revisions\/4285"}],"wp:featuredmedia":[{"embeddable":true,"href":"https:\/\/artsmartiauxcompiegnois.fr\/index.php?rest_route=\/wp\/v2\/media\/4284"}],"wp:attachment":[{"href":"https:\/\/artsmartiauxcompiegnois.fr\/index.php?rest_route=%2Fwp%2Fv2%2Fmedia&parent=4283"}],"wp:term":[{"taxonomy":"post_tag","embeddable":true,"href":"https:\/\/artsmartiauxcompiegnois.fr\/index.php?rest_route=%2Fwp%2Fv2%2Ftags&post=4283"},{"taxonomy":"tribe_events_cat","embeddable":true,"href":"https:\/\/artsmartiauxcompiegnois.fr\/index.php?rest_route=%2Fwp%2Fv2%2Ftribe_events_cat&post=4283"}],"curies":[{"name":"wp","href":"https:\/\/api.w.org\/{rel}","templated":true}]}}

Coupe départementale KATA &#038; COMBAT

<p>KARATÉ ????</p>
<p>Coupe départementale KATA &amp; COMBAT organisé par le comité de l’Oise de KARATÉ au gymnase ROBIDA de Compiègne.</p>

<p>KARATÉ ???? Coupe départementale KATA &amp; COMBAT organisé par le comité de l’Oise de KARATÉ au gymnase ROBIDA de Compiègne.</p>
