{"id":4526,"date":"2018-01-18T21:32:34","date_gmt":"2018-01-18T19:32:34","guid":{"rendered":"http:\/\/artsmartiauxcompiegnois.fr\/?post_type=tribe_events&#038;p=4526"},"modified":"2018-01-18T21:37:17","modified_gmt":"2018-01-18T19:37:17","slug":"karate-championnat-departemental-de-loise","status":"publish","type":"tribe_events","link":"https:\/\/artsmartiauxcompiegnois.fr\/?tribe_events=karate-championnat-departemental-de-loise","title":{"rendered":"Karat\u00e9 : Championnat D\u00e9partemental de l&rsquo;Oise"},"content":{"rendered":"<p><a href=\"http:\/\/artsmartiauxcompiegnois.fr\/wp-content\/uploads\/2018\/01\/CDKO.png\"><img loading=\"lazy\" class=\"size-medium wp-image-4528 aligncenter\" src=\"http:\/\/artsmartiauxcompiegnois.fr\/wp-content\/uploads\/2018\/01\/CDKO-300x66.png\" alt=\"\" width=\"300\" height=\"66\" srcset=\"https:\/\/artsmartiauxcompiegnois.fr\/wp-content\/uploads\/2018\/01\/CDKO-300x66.png 300w, https:\/\/artsmartiauxcompiegnois.fr\/wp-content\/uploads\/2018\/01\/CDKO-768x169.png 768w, https:\/\/artsmartiauxcompiegnois.fr\/wp-content\/uploads\/2018\/01\/CDKO-178x39.png 178w, https:\/\/artsmartiauxcompiegnois.fr\/wp-content\/uploads\/2018\/01\/CDKO.png 866w\" sizes=\"(max-width: 300px) 100vw, 300px\" \/><\/a><\/p>\n<p>Les Arts Martiaux Compi\u00e9gnois accueillent le 21 janvier 2018, \u00e0 la salle Robida, le Championnat D\u00e9partemental de Karat\u00e9 Kata et Combats des cat\u00e9gories Minimes \u00e0 S\u00e9niors.<\/p>\n<p>&nbsp;<\/p>\n","protected":false},"excerpt":{"rendered":"<p>Les Arts Martiaux Compi\u00e9gnois accueillent le 21 janvier 2018, \u00e0 la salle Robida, le Championnat D\u00e9partemental de Karat\u00e9 Kata et Combats des cat\u00e9gories Minimes \u00e0 S\u00e9niors. &nbsp;<\/p>\n","protected":false},"author":1,"featured_media":0,"template":"","meta":[],"tags":[],"tribe_events_cat":[],"_links":{"self":[{"href":"https:\/\/artsmartiauxcompiegnois.fr\/index.php?rest_route=\/wp\/v2\/tribe_events\/4526"}],"collection":[{"href":"https:\/\/artsmartiauxcompiegnois.fr\/index.php?rest_route=\/wp\/v2\/tribe_events"}],"about":[{"href":"https:\/\/artsmartiauxcompiegnois.fr\/index.php?rest_route=\/wp\/v2\/types\/tribe_events"}],"author":[{"embeddable":true,"href":"https:\/\/artsmartiauxcompiegnois.fr\/index.php?rest_route=\/wp\/v2\/users\/1"}],"version-history":[{"count":2,"href":"https:\/\/artsmartiauxcompiegnois.fr\/index.php?rest_route=\/wp\/v2\/tribe_events\/4526\/revisions"}],"predecessor-version":[{"id":4529,"href":"https:\/\/artsmartiauxcompiegnois.fr\/index.php?rest_route=\/wp\/v2\/tribe_events\/4526\/revisions\/4529"}],"wp:attachment":[{"href":"https:\/\/artsmartiauxcompiegnois.fr\/index.php?rest_route=%2Fwp%2Fv2%2Fmedia&parent=4526"}],"wp:term":[{"taxonomy":"post_tag","embeddable":true,"href":"https:\/\/artsmartiauxcompiegnois.fr\/index.php?rest_route=%2Fwp%2Fv2%2Ftags&post=4526"},{"taxonomy":"tribe_events_cat","embeddable":true,"href":"https:\/\/artsmartiauxcompiegnois.fr\/index.php?rest_route=%2Fwp%2Fv2%2Ftribe_events_cat&post=4526"}],"curies":[{"name":"wp","href":"https:\/\/api.w.org\/{rel}","templated":true}]}}

Karaté : Championnat Départemental de l&rsquo;Oise

<p><a href="http://artsmartiauxcompiegnois.fr/wp-content/uploads/2018/01/CDKO.png"><img loading="lazy" class="size-medium wp-image-4528 aligncenter" src="http://artsmartiauxcompiegnois.fr/wp-content/uploads/2018/01/CDKO-300x66.png" alt="" width="300" height="66" srcset="https://artsmartiauxcompiegnois.fr/wp-content/uploads/2018/01/CDKO-300x66.png 300w, https://artsmartiauxcompiegnois.fr/wp-content/uploads/2018/01/CDKO-768x169.png 768w, https://artsmartiauxcompiegnois.fr/wp-content/uploads/2018/01/CDKO-178x39.png 178w, https://artsmartiauxcompiegnois.fr/wp-content/uploads/2018/01/CDKO.png 866w" sizes="(max-width: 300px) 100vw, 300px" /></a></p>
<p>Les Arts Martiaux Compiégnois accueillent le 21 janvier 2018, à la salle Robida, le Championnat Départemental de Karaté Kata et Combats des catégories Minimes à Séniors.</p>
<p>&nbsp;</p>

<p>Les Arts Martiaux Compiégnois accueillent le 21 janvier 2018, à la salle Robida, le Championnat Départemental de Karaté Kata et Combats des catégories Minimes à Séniors. &nbsp;</p>
