{"id":4533,"date":"2018-01-18T22:04:28","date_gmt":"2018-01-18T20:04:28","guid":{"rendered":"http:\/\/artsmartiauxcompiegnois.fr\/?post_type=tribe_events&#038;p=4533"},"modified":"2018-02-15T13:53:03","modified_gmt":"2018-02-15T11:53:03","slug":"stage-technique-de-karate","status":"publish","type":"tribe_events","link":"https:\/\/artsmartiauxcompiegnois.fr\/?tribe_events=stage-technique-de-karate","title":{"rendered":"Stage technique de Karat\u00e9"},"content":{"rendered":"<p>&nbsp;<\/p>\n<p>&nbsp;<\/p>\n<p>&nbsp;<\/p>\n<p>&nbsp;<\/p>\n<p><span style=\"color: #ff0000;\">Jacques Tapol, ceinture noire 8\u00b0 Dan, Champion d&rsquo;Europe en Kumite par \u00e9quipe en 1981, Champion du monde en individuel en 1986, animera,\u00a0<\/span><span style=\"color: #ff0000;\"> le stage de Karat\u00e9 initialement pr\u00e9vu le samedi 10 f\u00e9vrier 2018 \u00e0 la salle Robida. <\/span><\/p>\n<p><span style=\"color: #ff0000;\">Ce stage a \u00e9t\u00e9 r<\/span><span style=\"color: #ff0000;\">eport\u00e9 par le Comit\u00e9 D\u00e9partemental de Karat\u00e9 de l&rsquo;Oise au samedi 17 f\u00e9vrier 2018.<\/span><\/p>\n<p><span style=\"color: #ff0000;\">Nous comptons sur votre participation sportive.<\/span><\/p>\n<p>&nbsp;<\/p>\n","protected":false},"excerpt":{"rendered":"<p>&nbsp; &nbsp; &nbsp; &nbsp; Jacques Tapol, ceinture noire 8\u00b0 Dan, Champion d&rsquo;Europe en Kumite par \u00e9quipe en 1981, Champion du monde en individuel en 1986, animera,\u00a0 le stage de Karat\u00e9 initialement pr\u00e9vu le samedi 10 f\u00e9vrier 2018 \u00e0 la salle Robida. Ce stage a \u00e9t\u00e9 report\u00e9 par le Comit\u00e9 D\u00e9partemental de Karat\u00e9 de l&rsquo;Oise au [&hellip;]<\/p>\n","protected":false},"author":1,"featured_media":4919,"template":"","meta":[],"tags":[116,52,51,164,115,55,114],"tribe_events_cat":[],"_links":{"self":[{"href":"https:\/\/artsmartiauxcompiegnois.fr\/index.php?rest_route=\/wp\/v2\/tribe_events\/4533"}],"collection":[{"href":"https:\/\/artsmartiauxcompiegnois.fr\/index.php?rest_route=\/wp\/v2\/tribe_events"}],"about":[{"href":"https:\/\/artsmartiauxcompiegnois.fr\/index.php?rest_route=\/wp\/v2\/types\/tribe_events"}],"author":[{"embeddable":true,"href":"https:\/\/artsmartiauxcompiegnois.fr\/index.php?rest_route=\/wp\/v2\/users\/1"}],"version-history":[{"count":7,"href":"https:\/\/artsmartiauxcompiegnois.fr\/index.php?rest_route=\/wp\/v2\/tribe_events\/4533\/revisions"}],"predecessor-version":[{"id":4921,"href":"https:\/\/artsmartiauxcompiegnois.fr\/index.php?rest_route=\/wp\/v2\/tribe_events\/4533\/revisions\/4921"}],"wp:featuredmedia":[{"embeddable":true,"href":"https:\/\/artsmartiauxcompiegnois.fr\/index.php?rest_route=\/wp\/v2\/media\/4919"}],"wp:attachment":[{"href":"https:\/\/artsmartiauxcompiegnois.fr\/index.php?rest_route=%2Fwp%2Fv2%2Fmedia&parent=4533"}],"wp:term":[{"taxonomy":"post_tag","embeddable":true,"href":"https:\/\/artsmartiauxcompiegnois.fr\/index.php?rest_route=%2Fwp%2Fv2%2Ftags&post=4533"},{"taxonomy":"tribe_events_cat","embeddable":true,"href":"https:\/\/artsmartiauxcompiegnois.fr\/index.php?rest_route=%2Fwp%2Fv2%2Ftribe_events_cat&post=4533"}],"curies":[{"name":"wp","href":"https:\/\/api.w.org\/{rel}","templated":true}]}}

Stage technique de Karaté

<p>&nbsp;</p>
<p>&nbsp;</p>
<p>&nbsp;</p>
<p>&nbsp;</p>
<p><span style="color: #ff0000;">Jacques Tapol, ceinture noire 8° Dan, Champion d&rsquo;Europe en Kumite par équipe en 1981, Champion du monde en individuel en 1986, animera, </span><span style="color: #ff0000;"> le stage de Karaté initialement prévu le samedi 10 février 2018 à la salle Robida. </span></p>
<p><span style="color: #ff0000;">Ce stage a été r</span><span style="color: #ff0000;">eporté par le Comité Départemental de Karaté de l&rsquo;Oise au samedi 17 février 2018.</span></p>
<p><span style="color: #ff0000;">Nous comptons sur votre participation sportive.</span></p>
<p>&nbsp;</p>

<p>&nbsp; &nbsp; &nbsp; &nbsp; Jacques Tapol, ceinture noire 8° Dan, Champion d&rsquo;Europe en Kumite par équipe en 1981, Champion du monde en individuel en 1986, animera,  le stage de Karaté initialement prévu le samedi 10 février 2018 à la salle Robida. Ce stage a été reporté par le Comité Départemental de Karaté de l&rsquo;Oise au [&hellip;]</p>
