{"id":4545,"date":"2018-01-23T21:03:53","date_gmt":"2018-01-23T19:03:53","guid":{"rendered":"http:\/\/artsmartiauxcompiegnois.fr\/?post_type=tribe_events&#038;p=4545"},"modified":"2018-01-23T21:04:06","modified_gmt":"2018-01-23T19:04:06","slug":"coupe-de-picardie-karate-kata-et-kumite","status":"publish","type":"tribe_events","link":"https:\/\/artsmartiauxcompiegnois.fr\/?tribe_events=coupe-de-picardie-karate-kata-et-kumite","title":{"rendered":"Coupe de Picardie &#8211; Karat\u00e9 &#8211; kata et kumite"},"content":{"rendered":"<p>La coupe de Picardie recevra \u00e0 Saint Quentin :<\/p>\n<p>le 03-02-2018 : les karat\u00e9kas de Poussins \u00e0 Benjamins pour le Kata et les Poussins pour le Kumite<\/p>\n<p>le 04\/02\/2018 : les karat\u00e9kas de Pupilles \u00e0 Bejamins pour le Kumite<\/p>\n","protected":false},"excerpt":{"rendered":"<p>La coupe de Picardie recevra \u00e0 Saint Quentin : le 03-02-2018 : les karat\u00e9kas de Poussins \u00e0 Benjamins pour le Kata et les Poussins pour le Kumite le 04\/02\/2018 : les karat\u00e9kas de Pupilles \u00e0 Bejamins pour le Kumite<\/p>\n","protected":false},"author":1,"featured_media":4546,"template":"","meta":[],"tags":[116,51,164,55],"tribe_events_cat":[],"_links":{"self":[{"href":"https:\/\/artsmartiauxcompiegnois.fr\/index.php?rest_route=\/wp\/v2\/tribe_events\/4545"}],"collection":[{"href":"https:\/\/artsmartiauxcompiegnois.fr\/index.php?rest_route=\/wp\/v2\/tribe_events"}],"about":[{"href":"https:\/\/artsmartiauxcompiegnois.fr\/index.php?rest_route=\/wp\/v2\/types\/tribe_events"}],"author":[{"embeddable":true,"href":"https:\/\/artsmartiauxcompiegnois.fr\/index.php?rest_route=\/wp\/v2\/users\/1"}],"version-history":[{"count":3,"href":"https:\/\/artsmartiauxcompiegnois.fr\/index.php?rest_route=\/wp\/v2\/tribe_events\/4545\/revisions"}],"predecessor-version":[{"id":4552,"href":"https:\/\/artsmartiauxcompiegnois.fr\/index.php?rest_route=\/wp\/v2\/tribe_events\/4545\/revisions\/4552"}],"wp:featuredmedia":[{"embeddable":true,"href":"https:\/\/artsmartiauxcompiegnois.fr\/index.php?rest_route=\/wp\/v2\/media\/4546"}],"wp:attachment":[{"href":"https:\/\/artsmartiauxcompiegnois.fr\/index.php?rest_route=%2Fwp%2Fv2%2Fmedia&parent=4545"}],"wp:term":[{"taxonomy":"post_tag","embeddable":true,"href":"https:\/\/artsmartiauxcompiegnois.fr\/index.php?rest_route=%2Fwp%2Fv2%2Ftags&post=4545"},{"taxonomy":"tribe_events_cat","embeddable":true,"href":"https:\/\/artsmartiauxcompiegnois.fr\/index.php?rest_route=%2Fwp%2Fv2%2Ftribe_events_cat&post=4545"}],"curies":[{"name":"wp","href":"https:\/\/api.w.org\/{rel}","templated":true}]}}

Coupe de Picardie &#8211; Karaté &#8211; kata et kumite

<p>La coupe de Picardie recevra à Saint Quentin :</p>
<p>le 03-02-2018 : les karatékas de Poussins à Benjamins pour le Kata et les Poussins pour le Kumite</p>
<p>le 04/02/2018 : les karatékas de Pupilles à Bejamins pour le Kumite</p>

<p>La coupe de Picardie recevra à Saint Quentin : le 03-02-2018 : les karatékas de Poussins à Benjamins pour le Kata et les Poussins pour le Kumite le 04/02/2018 : les karatékas de Pupilles à Bejamins pour le Kumite</p>
