{"id":4554,"date":"2018-01-24T15:26:38","date_gmt":"2018-01-24T13:26:38","guid":{"rendered":"http:\/\/artsmartiauxcompiegnois.fr\/?post_type=tribe_events&#038;p=4554"},"modified":"2018-01-24T15:26:38","modified_gmt":"2018-01-24T13:26:38","slug":"championnat-de-loise-kata-et-combat","status":"publish","type":"tribe_events","link":"https:\/\/artsmartiauxcompiegnois.fr\/?tribe_events=championnat-de-loise-kata-et-combat","title":{"rendered":"Championnat de l&rsquo;Oise Kata et Combat"},"content":{"rendered":"<p>Le championnat de l&rsquo;Oise Minimes &#8211; Cadets &#8211; Juniors &#8211; S\u00e9niors, Gar\u00e7ons et Filles, en individuel se d\u00e9roulera le dimanche 28 janvier 2018 \u00e0 Chantilly.<\/p>\n<p>Nous vous invitons \u00e0 vous rapprocher de vos encadrants.<\/p>\n<p>Une buvette sera ouverte pour vous restaurer.<\/p>\n","protected":false},"excerpt":{"rendered":"<p>Le championnat de l&rsquo;Oise Minimes &#8211; Cadets &#8211; Juniors &#8211; S\u00e9niors, Gar\u00e7ons et Filles, en individuel se d\u00e9roulera le dimanche 28 janvier 2018 \u00e0 Chantilly. Nous vous invitons \u00e0 vous rapprocher de vos encadrants. Une buvette sera ouverte pour vous restaurer.<\/p>\n","protected":false},"author":1,"featured_media":4556,"template":"","meta":[],"tags":[],"tribe_events_cat":[],"_links":{"self":[{"href":"https:\/\/artsmartiauxcompiegnois.fr\/index.php?rest_route=\/wp\/v2\/tribe_events\/4554"}],"collection":[{"href":"https:\/\/artsmartiauxcompiegnois.fr\/index.php?rest_route=\/wp\/v2\/tribe_events"}],"about":[{"href":"https:\/\/artsmartiauxcompiegnois.fr\/index.php?rest_route=\/wp\/v2\/types\/tribe_events"}],"author":[{"embeddable":true,"href":"https:\/\/artsmartiauxcompiegnois.fr\/index.php?rest_route=\/wp\/v2\/users\/1"}],"version-history":[{"count":1,"href":"https:\/\/artsmartiauxcompiegnois.fr\/index.php?rest_route=\/wp\/v2\/tribe_events\/4554\/revisions"}],"predecessor-version":[{"id":4557,"href":"https:\/\/artsmartiauxcompiegnois.fr\/index.php?rest_route=\/wp\/v2\/tribe_events\/4554\/revisions\/4557"}],"wp:featuredmedia":[{"embeddable":true,"href":"https:\/\/artsmartiauxcompiegnois.fr\/index.php?rest_route=\/wp\/v2\/media\/4556"}],"wp:attachment":[{"href":"https:\/\/artsmartiauxcompiegnois.fr\/index.php?rest_route=%2Fwp%2Fv2%2Fmedia&parent=4554"}],"wp:term":[{"taxonomy":"post_tag","embeddable":true,"href":"https:\/\/artsmartiauxcompiegnois.fr\/index.php?rest_route=%2Fwp%2Fv2%2Ftags&post=4554"},{"taxonomy":"tribe_events_cat","embeddable":true,"href":"https:\/\/artsmartiauxcompiegnois.fr\/index.php?rest_route=%2Fwp%2Fv2%2Ftribe_events_cat&post=4554"}],"curies":[{"name":"wp","href":"https:\/\/api.w.org\/{rel}","templated":true}]}}

<p>Le championnat de l&rsquo;Oise Minimes &#8211; Cadets &#8211; Juniors &#8211; Séniors, Garçons et Filles, en individuel se déroulera le dimanche 28 janvier 2018 à Chantilly.</p>
<p>Nous vous invitons à vous rapprocher de vos encadrants.</p>
<p>Une buvette sera ouverte pour vous restaurer.</p>

<p>Le championnat de l&rsquo;Oise Minimes &#8211; Cadets &#8211; Juniors &#8211; Séniors, Garçons et Filles, en individuel se déroulera le dimanche 28 janvier 2018 à Chantilly. Nous vous invitons à vous rapprocher de vos encadrants. Une buvette sera ouverte pour vous restaurer.</p>
