{"id":4954,"date":"2018-02-21T19:40:29","date_gmt":"2018-02-21T17:40:29","guid":{"rendered":"http:\/\/artsmartiauxcompiegnois.fr\/?post_type=tribe_events&#038;p=4954"},"modified":"2018-02-24T22:27:27","modified_gmt":"2018-02-24T20:27:27","slug":"entrainement-departemental-de-combat-karate","status":"publish","type":"tribe_events","link":"https:\/\/artsmartiauxcompiegnois.fr\/?tribe_events=entrainement-departemental-de-combat-karate","title":{"rendered":"Entrainement D\u00e9partemental de Combat &#8211; Karat\u00e9"},"content":{"rendered":"<p>Le Comit\u00e9 D\u00e9partemental de l&rsquo;Oise de Karat\u00e9 organise un stage de Combat au Gymnase Robida avec le soutien des Arts Martiaux Compi\u00e9gnois.<\/p>\n","protected":false},"excerpt":{"rendered":"<p>Le Comit\u00e9 D\u00e9partemental de l&rsquo;Oise de Karat\u00e9 organise un stage de Combat au Gymnase Robida avec le soutien des Arts Martiaux Compi\u00e9gnois.<\/p>\n","protected":false},"author":1,"featured_media":4955,"template":"","meta":[],"tags":[],"tribe_events_cat":[],"_links":{"self":[{"href":"https:\/\/artsmartiauxcompiegnois.fr\/index.php?rest_route=\/wp\/v2\/tribe_events\/4954"}],"collection":[{"href":"https:\/\/artsmartiauxcompiegnois.fr\/index.php?rest_route=\/wp\/v2\/tribe_events"}],"about":[{"href":"https:\/\/artsmartiauxcompiegnois.fr\/index.php?rest_route=\/wp\/v2\/types\/tribe_events"}],"author":[{"embeddable":true,"href":"https:\/\/artsmartiauxcompiegnois.fr\/index.php?rest_route=\/wp\/v2\/users\/1"}],"version-history":[{"count":2,"href":"https:\/\/artsmartiauxcompiegnois.fr\/index.php?rest_route=\/wp\/v2\/tribe_events\/4954\/revisions"}],"predecessor-version":[{"id":5095,"href":"https:\/\/artsmartiauxcompiegnois.fr\/index.php?rest_route=\/wp\/v2\/tribe_events\/4954\/revisions\/5095"}],"wp:featuredmedia":[{"embeddable":true,"href":"https:\/\/artsmartiauxcompiegnois.fr\/index.php?rest_route=\/wp\/v2\/media\/4955"}],"wp:attachment":[{"href":"https:\/\/artsmartiauxcompiegnois.fr\/index.php?rest_route=%2Fwp%2Fv2%2Fmedia&parent=4954"}],"wp:term":[{"taxonomy":"post_tag","embeddable":true,"href":"https:\/\/artsmartiauxcompiegnois.fr\/index.php?rest_route=%2Fwp%2Fv2%2Ftags&post=4954"},{"taxonomy":"tribe_events_cat","embeddable":true,"href":"https:\/\/artsmartiauxcompiegnois.fr\/index.php?rest_route=%2Fwp%2Fv2%2Ftribe_events_cat&post=4954"}],"curies":[{"name":"wp","href":"https:\/\/api.w.org\/{rel}","templated":true}]}}

Entrainement Départemental de Combat &#8211; Karaté

<p>Le Comité Départemental de l&rsquo;Oise de Karaté organise un stage de Combat au Gymnase Robida avec le soutien des Arts Martiaux Compiégnois.</p>
