{"id":5302,"date":"2018-03-09T12:32:04","date_gmt":"2018-03-09T10:32:04","guid":{"rendered":"http:\/\/artsmartiauxcompiegnois.fr\/?post_type=tribe_events&#038;p=5302"},"modified":"2018-03-11T12:58:28","modified_gmt":"2018-03-11T10:58:28","slug":"open-pupillesbenjamins-championnat-minimescadetsjuniorsseniorsveterans","status":"publish","type":"tribe_events","link":"https:\/\/artsmartiauxcompiegnois.fr\/?tribe_events=open-pupillesbenjamins-championnat-minimescadetsjuniorsseniorsveterans","title":{"rendered":"Open Pupilles\/Benjamins &#8211; Championnat de Ligue de Minimes \u00e0 V\u00e9t\u00e9rans"},"content":{"rendered":"<p>Dimanche 18 mars 2018, au gymnase des quatre ch\u00eanes, 8 rue Lescouv\u00e9, \u00e0 AMIENS, la ligue de Karat\u00e9 des Hauts de Franc, organise :<\/p>\n<ul>\n<li>Open Pupilles\/Benjamins,<\/li>\n<li>Championnat Minimes\/cadets\/Juniors\/S\u00e9niors\/V\u00e9t\u00e9rans.<\/li>\n<\/ul>\n<p>Les inscriptions sont \u00e0 prendre en ligne jusqu&rsquo;au 09 mars pour les pupilles, benjamins et v\u00e9t\u00e9rans.<\/p>\n<p>Nous vous invitons \u00e0 aller repr\u00e9senter notre Club\u00a0 \u00e0 ces rencontres,<\/p>\n<p>&nbsp;<\/p>\n","protected":false},"excerpt":{"rendered":"<p>Dimanche 18 mars 2018, au gymnase des quatre ch\u00eanes, 8 rue Lescouv\u00e9, \u00e0 AMIENS, la ligue de Karat\u00e9 des Hauts de Franc, organise : Open Pupilles\/Benjamins, Championnat Minimes\/cadets\/Juniors\/S\u00e9niors\/V\u00e9t\u00e9rans. Les inscriptions sont \u00e0 prendre en ligne jusqu&rsquo;au 09 mars pour les pupilles, benjamins et v\u00e9t\u00e9rans. Nous vous invitons \u00e0 aller repr\u00e9senter notre Club\u00a0 \u00e0 ces rencontres, [&hellip;]<\/p>\n","protected":false},"author":1,"featured_media":5306,"template":"","meta":[],"tags":[],"tribe_events_cat":[],"_links":{"self":[{"href":"https:\/\/artsmartiauxcompiegnois.fr\/index.php?rest_route=\/wp\/v2\/tribe_events\/5302"}],"collection":[{"href":"https:\/\/artsmartiauxcompiegnois.fr\/index.php?rest_route=\/wp\/v2\/tribe_events"}],"about":[{"href":"https:\/\/artsmartiauxcompiegnois.fr\/index.php?rest_route=\/wp\/v2\/types\/tribe_events"}],"author":[{"embeddable":true,"href":"https:\/\/artsmartiauxcompiegnois.fr\/index.php?rest_route=\/wp\/v2\/users\/1"}],"version-history":[{"count":2,"href":"https:\/\/artsmartiauxcompiegnois.fr\/index.php?rest_route=\/wp\/v2\/tribe_events\/5302\/revisions"}],"predecessor-version":[{"id":5367,"href":"https:\/\/artsmartiauxcompiegnois.fr\/index.php?rest_route=\/wp\/v2\/tribe_events\/5302\/revisions\/5367"}],"wp:featuredmedia":[{"embeddable":true,"href":"https:\/\/artsmartiauxcompiegnois.fr\/index.php?rest_route=\/wp\/v2\/media\/5306"}],"wp:attachment":[{"href":"https:\/\/artsmartiauxcompiegnois.fr\/index.php?rest_route=%2Fwp%2Fv2%2Fmedia&parent=5302"}],"wp:term":[{"taxonomy":"post_tag","embeddable":true,"href":"https:\/\/artsmartiauxcompiegnois.fr\/index.php?rest_route=%2Fwp%2Fv2%2Ftags&post=5302"},{"taxonomy":"tribe_events_cat","embeddable":true,"href":"https:\/\/artsmartiauxcompiegnois.fr\/index.php?rest_route=%2Fwp%2Fv2%2Ftribe_events_cat&post=5302"}],"curies":[{"name":"wp","href":"https:\/\/api.w.org\/{rel}","templated":true}]}}

Open Pupilles/Benjamins &#8211; Championnat de Ligue de Minimes à Vétérans

<p>Dimanche 18 mars 2018, au gymnase des quatre chênes, 8 rue Lescouvé, à AMIENS, la ligue de Karaté des Hauts de Franc, organise :</p>
<ul>
<li>Open Pupilles/Benjamins,</li>
<li>Championnat Minimes/cadets/Juniors/Séniors/Vétérans.</li>
</ul>
<p>Les inscriptions sont à prendre en ligne jusqu&rsquo;au 09 mars pour les pupilles, benjamins et vétérans.</p>
<p>Nous vous invitons à aller représenter notre Club  à ces rencontres,</p>
<p>&nbsp;</p>

<p>Dimanche 18 mars 2018, au gymnase des quatre chênes, 8 rue Lescouvé, à AMIENS, la ligue de Karaté des Hauts de Franc, organise : Open Pupilles/Benjamins, Championnat Minimes/cadets/Juniors/Séniors/Vétérans. Les inscriptions sont à prendre en ligne jusqu&rsquo;au 09 mars pour les pupilles, benjamins et vétérans. Nous vous invitons à aller représenter notre Club  à ces rencontres, [&hellip;]</p>
