{"id":5369,"date":"2018-03-11T14:18:32","date_gmt":"2018-03-11T12:18:32","guid":{"rendered":"http:\/\/artsmartiauxcompiegnois.fr\/?post_type=tribe_events&#038;p=5369"},"modified":"2018-03-23T16:09:09","modified_gmt":"2018-03-23T14:09:09","slug":"stage-de-karate-2","status":"publish","type":"tribe_events","link":"https:\/\/artsmartiauxcompiegnois.fr\/?tribe_events=stage-de-karate-2","title":{"rendered":"Stage de Karat\u00e9 avec Serge SERFATI"},"content":{"rendered":"<p><a href=\"http:\/\/artsmartiauxcompiegnois.fr\/wp-content\/uploads\/2018\/03\/stage-serfati.png\"><img loading=\"lazy\" class=\"wp-image-5372 alignleft\" src=\"http:\/\/artsmartiauxcompiegnois.fr\/wp-content\/uploads\/2018\/03\/stage-serfati.png\" alt=\"\" width=\"296\" height=\"346\" srcset=\"https:\/\/artsmartiauxcompiegnois.fr\/wp-content\/uploads\/2018\/03\/stage-serfati.png 2574w, https:\/\/artsmartiauxcompiegnois.fr\/wp-content\/uploads\/2018\/03\/stage-serfati-256x300.png 256w, https:\/\/artsmartiauxcompiegnois.fr\/wp-content\/uploads\/2018\/03\/stage-serfati-768x899.png 768w, https:\/\/artsmartiauxcompiegnois.fr\/wp-content\/uploads\/2018\/03\/stage-serfati-875x1024.png 875w, https:\/\/artsmartiauxcompiegnois.fr\/wp-content\/uploads\/2018\/03\/stage-serfati-152x178.png 152w\" sizes=\"(max-width: 296px) 100vw, 296px\" \/><\/a><\/p>\n<p>Les Arts Martiaux Compi\u00e8gnois ont l&rsquo;honneur de recovoir, Serge SERFATI, expert F\u00e9d\u00e9ral 8\u00b0 Dan, qui animera un stage de Karat\u00e9, organis\u00e9 par le Comit\u00e9 D\u00e9partemental de l&rsquo;Oise de Karat\u00e9.<\/p>\n<p>&nbsp;<\/p>\n<p>Le CDOK remercie le Comit\u00e9 Directeur des Arts Martiaux, ses adh\u00e9rents et b\u00e9n\u00e9voles, pour leur accueil et contribution au bon d\u00e9roulement de cet \u00e9v\u00e9nement.<\/p>\n<p>&nbsp;<\/p>\n<p>&nbsp;<\/p>\n<p><a href=\"http:\/\/artsmartiauxcompiegnois.fr\/wp-content\/uploads\/2018\/03\/Stage-SERFATI.png\"><img loading=\"lazy\" class=\"aligncenter size-full wp-image-5600\" src=\"http:\/\/artsmartiauxcompiegnois.fr\/wp-content\/uploads\/2018\/03\/Stage-SERFATI.png\" alt=\"\" width=\"1041\" height=\"418\" srcset=\"https:\/\/artsmartiauxcompiegnois.fr\/wp-content\/uploads\/2018\/03\/Stage-SERFATI.png 1041w, https:\/\/artsmartiauxcompiegnois.fr\/wp-content\/uploads\/2018\/03\/Stage-SERFATI-300x120.png 300w, https:\/\/artsmartiauxcompiegnois.fr\/wp-content\/uploads\/2018\/03\/Stage-SERFATI-768x308.png 768w, https:\/\/artsmartiauxcompiegnois.fr\/wp-content\/uploads\/2018\/03\/Stage-SERFATI-1024x411.png 1024w, https:\/\/artsmartiauxcompiegnois.fr\/wp-content\/uploads\/2018\/03\/Stage-SERFATI-178x71.png 178w\" sizes=\"(max-width: 1041px) 100vw, 1041px\" \/><\/a><\/p>\n","protected":false},"excerpt":{"rendered":"<p>Les Arts Martiaux Compi\u00e8gnois ont l&rsquo;honneur de recovoir, Serge SERFATI, expert F\u00e9d\u00e9ral 8\u00b0 Dan, qui animera un stage de Karat\u00e9, organis\u00e9 par le Comit\u00e9 D\u00e9partemental de l&rsquo;Oise de Karat\u00e9. &nbsp; Le CDOK remercie le Comit\u00e9 Directeur des Arts Martiaux, ses adh\u00e9rents et b\u00e9n\u00e9voles, pour leur accueil et contribution au bon d\u00e9roulement de cet \u00e9v\u00e9nement. &nbsp; [&hellip;]<\/p>\n","protected":false},"author":1,"featured_media":0,"template":"","meta":[],"tags":[116,51,227,55,228,114],"tribe_events_cat":[],"_links":{"self":[{"href":"https:\/\/artsmartiauxcompiegnois.fr\/index.php?rest_route=\/wp\/v2\/tribe_events\/5369"}],"collection":[{"href":"https:\/\/artsmartiauxcompiegnois.fr\/index.php?rest_route=\/wp\/v2\/tribe_events"}],"about":[{"href":"https:\/\/artsmartiauxcompiegnois.fr\/index.php?rest_route=\/wp\/v2\/types\/tribe_events"}],"author":[{"embeddable":true,"href":"https:\/\/artsmartiauxcompiegnois.fr\/index.php?rest_route=\/wp\/v2\/users\/1"}],"version-history":[{"count":5,"href":"https:\/\/artsmartiauxcompiegnois.fr\/index.php?rest_route=\/wp\/v2\/tribe_events\/5369\/revisions"}],"predecessor-version":[{"id":5601,"href":"https:\/\/artsmartiauxcompiegnois.fr\/index.php?rest_route=\/wp\/v2\/tribe_events\/5369\/revisions\/5601"}],"wp:attachment":[{"href":"https:\/\/artsmartiauxcompiegnois.fr\/index.php?rest_route=%2Fwp%2Fv2%2Fmedia&parent=5369"}],"wp:term":[{"taxonomy":"post_tag","embeddable":true,"href":"https:\/\/artsmartiauxcompiegnois.fr\/index.php?rest_route=%2Fwp%2Fv2%2Ftags&post=5369"},{"taxonomy":"tribe_events_cat","embeddable":true,"href":"https:\/\/artsmartiauxcompiegnois.fr\/index.php?rest_route=%2Fwp%2Fv2%2Ftribe_events_cat&post=5369"}],"curies":[{"name":"wp","href":"https:\/\/api.w.org\/{rel}","templated":true}]}}

Stage de Karaté avec Serge SERFATI

<p><a href="http://artsmartiauxcompiegnois.fr/wp-content/uploads/2018/03/stage-serfati.png"><img loading="lazy" class="wp-image-5372 alignleft" src="http://artsmartiauxcompiegnois.fr/wp-content/uploads/2018/03/stage-serfati.png" alt="" width="296" height="346" srcset="https://artsmartiauxcompiegnois.fr/wp-content/uploads/2018/03/stage-serfati.png 2574w, https://artsmartiauxcompiegnois.fr/wp-content/uploads/2018/03/stage-serfati-256x300.png 256w, https://artsmartiauxcompiegnois.fr/wp-content/uploads/2018/03/stage-serfati-768x899.png 768w, https://artsmartiauxcompiegnois.fr/wp-content/uploads/2018/03/stage-serfati-875x1024.png 875w, https://artsmartiauxcompiegnois.fr/wp-content/uploads/2018/03/stage-serfati-152x178.png 152w" sizes="(max-width: 296px) 100vw, 296px" /></a></p>
<p>Les Arts Martiaux Compiègnois ont l&rsquo;honneur de recovoir, Serge SERFATI, expert Fédéral 8° Dan, qui animera un stage de Karaté, organisé par le Comité Départemental de l&rsquo;Oise de Karaté.</p>
<p>&nbsp;</p>
<p>Le CDOK remercie le Comité Directeur des Arts Martiaux, ses adhérents et bénévoles, pour leur accueil et contribution au bon déroulement de cet événement.</p>
<p>&nbsp;</p>
<p>&nbsp;</p>
<p><a href="http://artsmartiauxcompiegnois.fr/wp-content/uploads/2018/03/Stage-SERFATI.png"><img loading="lazy" class="aligncenter size-full wp-image-5600" src="http://artsmartiauxcompiegnois.fr/wp-content/uploads/2018/03/Stage-SERFATI.png" alt="" width="1041" height="418" srcset="https://artsmartiauxcompiegnois.fr/wp-content/uploads/2018/03/Stage-SERFATI.png 1041w, https://artsmartiauxcompiegnois.fr/wp-content/uploads/2018/03/Stage-SERFATI-300x120.png 300w, https://artsmartiauxcompiegnois.fr/wp-content/uploads/2018/03/Stage-SERFATI-768x308.png 768w, https://artsmartiauxcompiegnois.fr/wp-content/uploads/2018/03/Stage-SERFATI-1024x411.png 1024w, https://artsmartiauxcompiegnois.fr/wp-content/uploads/2018/03/Stage-SERFATI-178x71.png 178w" sizes="(max-width: 1041px) 100vw, 1041px" /></a></p>

<p>Les Arts Martiaux Compiègnois ont l&rsquo;honneur de recovoir, Serge SERFATI, expert Fédéral 8° Dan, qui animera un stage de Karaté, organisé par le Comité Départemental de l&rsquo;Oise de Karaté. &nbsp; Le CDOK remercie le Comité Directeur des Arts Martiaux, ses adhérents et bénévoles, pour leur accueil et contribution au bon déroulement de cet événement. &nbsp; [&hellip;]</p>
