{"id":5663,"date":"2018-04-06T16:54:27","date_gmt":"2018-04-06T14:54:27","guid":{"rendered":"http:\/\/artsmartiauxcompiegnois.fr\/?post_type=tribe_events&#038;p=5663"},"modified":"2018-04-26T19:25:10","modified_gmt":"2018-04-26T17:25:10","slug":"karate-stage-federal-de-defense-training","status":"publish","type":"tribe_events","link":"https:\/\/artsmartiauxcompiegnois.fr\/?tribe_events=karate-stage-federal-de-defense-training","title":{"rendered":"Le Stage F\u00e9d\u00e9ral de d\u00e9fense Training a \u00e9t\u00e9 annul\u00e9"},"content":{"rendered":"<p>Attention : Ce stage a \u00e9t\u00e9 annul\u00e9<\/p>\n","protected":false},"excerpt":{"rendered":"<p>A partir de 14ans, ouvert \u00e0 tousn les licenci\u00e9s FFKDA &#8211; Minimum ceinture verte<\/p>\n","protected":false},"author":1,"featured_media":5664,"template":"","meta":[],"tags":[116,51,198,239,145,114],"tribe_events_cat":[],"_links":{"self":[{"href":"https:\/\/artsmartiauxcompiegnois.fr\/index.php?rest_route=\/wp\/v2\/tribe_events\/5663"}],"collection":[{"href":"https:\/\/artsmartiauxcompiegnois.fr\/index.php?rest_route=\/wp\/v2\/tribe_events"}],"about":[{"href":"https:\/\/artsmartiauxcompiegnois.fr\/index.php?rest_route=\/wp\/v2\/types\/tribe_events"}],"author":[{"embeddable":true,"href":"https:\/\/artsmartiauxcompiegnois.fr\/index.php?rest_route=\/wp\/v2\/users\/1"}],"version-history":[{"count":4,"href":"https:\/\/artsmartiauxcompiegnois.fr\/index.php?rest_route=\/wp\/v2\/tribe_events\/5663\/revisions"}],"predecessor-version":[{"id":5958,"href":"https:\/\/artsmartiauxcompiegnois.fr\/index.php?rest_route=\/wp\/v2\/tribe_events\/5663\/revisions\/5958"}],"wp:featuredmedia":[{"embeddable":true,"href":"https:\/\/artsmartiauxcompiegnois.fr\/index.php?rest_route=\/wp\/v2\/media\/5664"}],"wp:attachment":[{"href":"https:\/\/artsmartiauxcompiegnois.fr\/index.php?rest_route=%2Fwp%2Fv2%2Fmedia&parent=5663"}],"wp:term":[{"taxonomy":"post_tag","embeddable":true,"href":"https:\/\/artsmartiauxcompiegnois.fr\/index.php?rest_route=%2Fwp%2Fv2%2Ftags&post=5663"},{"taxonomy":"tribe_events_cat","embeddable":true,"href":"https:\/\/artsmartiauxcompiegnois.fr\/index.php?rest_route=%2Fwp%2Fv2%2Ftribe_events_cat&post=5663"}],"curies":[{"name":"wp","href":"https:\/\/api.w.org\/{rel}","templated":true}]}}

Le Stage Fédéral de défense Training a été annulé

<p>Attention : Ce stage a été annulé</p>

<p>A partir de 14ans, ouvert à tousn les licenciés FFKDA &#8211; Minimum ceinture verte</p>
