{"id":5681,"date":"2018-04-12T15:58:42","date_gmt":"2018-04-12T13:58:42","guid":{"rendered":"http:\/\/artsmartiauxcompiegnois.fr\/?post_type=tribe_events&#038;p=5681"},"modified":"2018-04-12T17:54:29","modified_gmt":"2018-04-12T15:54:29","slug":"stage-de-self-defense-a-creil","status":"publish","type":"tribe_events","link":"https:\/\/artsmartiauxcompiegnois.fr\/?tribe_events=stage-de-self-defense-a-creil","title":{"rendered":"Stage de Self-D\u00e9fense \u00e0 Creil"},"content":{"rendered":"<p>Le Comit\u00e9 D\u00e9partemental de l&rsquo;Oise de Karat\u00e9, organise un stage de Self D\u00e9fense, anim\u00e9 par :<\/p>\n<ul>\n<li>Patrick Zamudio, ceinture noire, 6\u00e8me Dan,<\/li>\n<li>Alexandre Debauve, ceinture noire 1\u00e8re Dan.<\/li>\n<\/ul>\n<p>R\u00e9servez d&rsquo;ores et d\u00e9j\u00e0 cette date dans vos plannings.<\/p>\n<p>Des informations compl\u00e9mentaires (adresse et affiche vous seront communiqu\u00e9es prochainement).<\/p>\n","protected":false},"excerpt":{"rendered":"<p>Le Comit\u00e9 D\u00e9partemental de l&rsquo;Oise de Karat\u00e9, organise un stage de Self D\u00e9fense, anim\u00e9 par : Patrick Zamudio, ceinture noire, 6\u00e8me Dan, Alexandre Debauve, ceinture noire 1\u00e8re Dan. R\u00e9servez d&rsquo;ores et d\u00e9j\u00e0 cette date dans vos plannings. Des informations compl\u00e9mentaires (adresse et affiche vous seront communiqu\u00e9es prochainement).<\/p>\n","protected":false},"author":1,"featured_media":0,"template":"","meta":[],"tags":[],"tribe_events_cat":[],"_links":{"self":[{"href":"https:\/\/artsmartiauxcompiegnois.fr\/index.php?rest_route=\/wp\/v2\/tribe_events\/5681"}],"collection":[{"href":"https:\/\/artsmartiauxcompiegnois.fr\/index.php?rest_route=\/wp\/v2\/tribe_events"}],"about":[{"href":"https:\/\/artsmartiauxcompiegnois.fr\/index.php?rest_route=\/wp\/v2\/types\/tribe_events"}],"author":[{"embeddable":true,"href":"https:\/\/artsmartiauxcompiegnois.fr\/index.php?rest_route=\/wp\/v2\/users\/1"}],"version-history":[{"count":2,"href":"https:\/\/artsmartiauxcompiegnois.fr\/index.php?rest_route=\/wp\/v2\/tribe_events\/5681\/revisions"}],"predecessor-version":[{"id":5684,"href":"https:\/\/artsmartiauxcompiegnois.fr\/index.php?rest_route=\/wp\/v2\/tribe_events\/5681\/revisions\/5684"}],"wp:attachment":[{"href":"https:\/\/artsmartiauxcompiegnois.fr\/index.php?rest_route=%2Fwp%2Fv2%2Fmedia&parent=5681"}],"wp:term":[{"taxonomy":"post_tag","embeddable":true,"href":"https:\/\/artsmartiauxcompiegnois.fr\/index.php?rest_route=%2Fwp%2Fv2%2Ftags&post=5681"},{"taxonomy":"tribe_events_cat","embeddable":true,"href":"https:\/\/artsmartiauxcompiegnois.fr\/index.php?rest_route=%2Fwp%2Fv2%2Ftribe_events_cat&post=5681"}],"curies":[{"name":"wp","href":"https:\/\/api.w.org\/{rel}","templated":true}]}}

Stage de Self-Défense à Creil

<p>Le Comité Départemental de l&rsquo;Oise de Karaté, organise un stage de Self Défense, animé par :</p>
<ul>
<li>Patrick Zamudio, ceinture noire, 6ème Dan,</li>
<li>Alexandre Debauve, ceinture noire 1ère Dan.</li>
</ul>
<p>Réservez d&rsquo;ores et déjà cette date dans vos plannings.</p>
<p>Des informations complémentaires (adresse et affiche vous seront communiquées prochainement).</p>

<p>Le Comité Départemental de l&rsquo;Oise de Karaté, organise un stage de Self Défense, animé par : Patrick Zamudio, ceinture noire, 6ème Dan, Alexandre Debauve, ceinture noire 1ère Dan. Réservez d&rsquo;ores et déjà cette date dans vos plannings. Des informations complémentaires (adresse et affiche vous seront communiquées prochainement).</p>
