{"id":5726,"date":"2018-04-19T15:22:19","date_gmt":"2018-04-19T13:22:19","guid":{"rendered":"http:\/\/artsmartiauxcompiegnois.fr\/?post_type=tribe_events&#038;p=5726"},"modified":"2018-04-19T15:47:23","modified_gmt":"2018-04-19T13:47:23","slug":"coupe-de-france-kata-pupilles-et-benjamins","status":"publish","type":"tribe_events","link":"https:\/\/artsmartiauxcompiegnois.fr\/?tribe_events=coupe-de-france-kata-pupilles-et-benjamins","title":{"rendered":"Coupe de France Kata &#8211; Pupilles et Benjamins"},"content":{"rendered":"<p>La Coupe de France Kata des Pupilles et Benjamins, se d\u00e9roulera le 21 avril 2018 \u00e0 Saint Quentin.<\/p>\n<p>&nbsp;<\/p>\n<p style=\"text-align: right;\"><span style=\"color: #ff0000;\"><strong>Le Club des Arts Martiaux Compi\u00e9gnois y sera repr\u00e9sent\u00e9<\/strong><\/span>.<\/p>\n<p>&nbsp;<\/p>\n","protected":false},"excerpt":{"rendered":"<p>La Coupe de France Kata des Pupilles et Benjamins, se d\u00e9roulera le 21 avril 2018 \u00e0 Saint Quentin. &nbsp; Le Club des Arts Martiaux Compi\u00e9gnois y sera repr\u00e9sent\u00e9. &nbsp;<\/p>\n","protected":false},"author":1,"featured_media":5727,"template":"","meta":[],"tags":[116,51,245,55],"tribe_events_cat":[],"_links":{"self":[{"href":"https:\/\/artsmartiauxcompiegnois.fr\/index.php?rest_route=\/wp\/v2\/tribe_events\/5726"}],"collection":[{"href":"https:\/\/artsmartiauxcompiegnois.fr\/index.php?rest_route=\/wp\/v2\/tribe_events"}],"about":[{"href":"https:\/\/artsmartiauxcompiegnois.fr\/index.php?rest_route=\/wp\/v2\/types\/tribe_events"}],"author":[{"embeddable":true,"href":"https:\/\/artsmartiauxcompiegnois.fr\/index.php?rest_route=\/wp\/v2\/users\/1"}],"version-history":[{"count":1,"href":"https:\/\/artsmartiauxcompiegnois.fr\/index.php?rest_route=\/wp\/v2\/tribe_events\/5726\/revisions"}],"predecessor-version":[{"id":5728,"href":"https:\/\/artsmartiauxcompiegnois.fr\/index.php?rest_route=\/wp\/v2\/tribe_events\/5726\/revisions\/5728"}],"wp:featuredmedia":[{"embeddable":true,"href":"https:\/\/artsmartiauxcompiegnois.fr\/index.php?rest_route=\/wp\/v2\/media\/5727"}],"wp:attachment":[{"href":"https:\/\/artsmartiauxcompiegnois.fr\/index.php?rest_route=%2Fwp%2Fv2%2Fmedia&parent=5726"}],"wp:term":[{"taxonomy":"post_tag","embeddable":true,"href":"https:\/\/artsmartiauxcompiegnois.fr\/index.php?rest_route=%2Fwp%2Fv2%2Ftags&post=5726"},{"taxonomy":"tribe_events_cat","embeddable":true,"href":"https:\/\/artsmartiauxcompiegnois.fr\/index.php?rest_route=%2Fwp%2Fv2%2Ftribe_events_cat&post=5726"}],"curies":[{"name":"wp","href":"https:\/\/api.w.org\/{rel}","templated":true}]}}

<p>La Coupe de France Kata des Pupilles et Benjamins, se déroulera le 21 avril 2018 à Saint Quentin.</p>
<p>&nbsp;</p>
<p style="text-align: right;"><span style="color: #ff0000;"><strong>Le Club des Arts Martiaux Compiégnois y sera représenté</strong></span>.</p>
<p>&nbsp;</p>

<p>La Coupe de France Kata des Pupilles et Benjamins, se déroulera le 21 avril 2018 à Saint Quentin. &nbsp; Le Club des Arts Martiaux Compiégnois y sera représenté. &nbsp;</p>
