{"id":7216,"date":"2018-12-08T12:24:36","date_gmt":"2018-12-08T10:24:36","guid":{"rendered":"http:\/\/artsmartiauxcompiegnois.fr\/?post_type=tribe_events&#038;p=7216"},"modified":"2018-12-10T19:58:29","modified_gmt":"2018-12-10T17:58:29","slug":"le-spectacle-du-noel-des-arts-martiaux-compiegnois-21-decembre-2018","status":"publish","type":"tribe_events","link":"https:\/\/artsmartiauxcompiegnois.fr\/?tribe_events=le-spectacle-du-noel-des-arts-martiaux-compiegnois-21-decembre-2018","title":{"rendered":"Le spectacle du No\u00ebl des Arts Martiaux Compi\u00e9gnois &#8211; 21 d\u00e9cembre 2018"},"content":{"rendered":"<p><a href=\"http:\/\/artsmartiauxcompiegnois.fr\/wp-content\/uploads\/2018\/12\/affiche-noel-2018-3-copie.jpg\"><img loading=\"lazy\" class=\"wp-image-7346 aligncenter\" src=\"http:\/\/artsmartiauxcompiegnois.fr\/wp-content\/uploads\/2018\/12\/affiche-noel-2018-3-copie-300x212.jpg\" alt=\"\" width=\"427\" height=\"303\" srcset=\"https:\/\/artsmartiauxcompiegnois.fr\/wp-content\/uploads\/2018\/12\/affiche-noel-2018-3-copie-300x212.jpg 300w, https:\/\/artsmartiauxcompiegnois.fr\/wp-content\/uploads\/2018\/12\/affiche-noel-2018-3-copie-768x543.jpg 768w, https:\/\/artsmartiauxcompiegnois.fr\/wp-content\/uploads\/2018\/12\/affiche-noel-2018-3-copie-178x126.jpg 178w, https:\/\/artsmartiauxcompiegnois.fr\/wp-content\/uploads\/2018\/12\/affiche-noel-2018-3-copie.jpg 842w\" sizes=\"(max-width: 427px) 100vw, 427px\" \/><\/a><\/p>\n<p>&nbsp;<\/p>\n<p>Nous vous remercions d&rsquo;apporter des g\u00e2teaux et boissons.<\/p>\n<p>A l&rsquo;issue de ce spectacle, le Club fermera ses portes pour deux semaines pendant les vacances scolaires.<\/p>\n","protected":false},"excerpt":{"rendered":"<p>Un nouveau concept cette ann\u00e9e pour le spectacle de No\u00ebl.<br \/>\n?ous vous remercions d&rsquo;apporter des g\u00e2teaux et boissons.<\/p>\n","protected":false},"author":1,"featured_media":0,"template":"","meta":[],"tags":[116],"tribe_events_cat":[],"_links":{"self":[{"href":"https:\/\/artsmartiauxcompiegnois.fr\/index.php?rest_route=\/wp\/v2\/tribe_events\/7216"}],"collection":[{"href":"https:\/\/artsmartiauxcompiegnois.fr\/index.php?rest_route=\/wp\/v2\/tribe_events"}],"about":[{"href":"https:\/\/artsmartiauxcompiegnois.fr\/index.php?rest_route=\/wp\/v2\/types\/tribe_events"}],"author":[{"embeddable":true,"href":"https:\/\/artsmartiauxcompiegnois.fr\/index.php?rest_route=\/wp\/v2\/users\/1"}],"version-history":[{"count":6,"href":"https:\/\/artsmartiauxcompiegnois.fr\/index.php?rest_route=\/wp\/v2\/tribe_events\/7216\/revisions"}],"predecessor-version":[{"id":7348,"href":"https:\/\/artsmartiauxcompiegnois.fr\/index.php?rest_route=\/wp\/v2\/tribe_events\/7216\/revisions\/7348"}],"wp:attachment":[{"href":"https:\/\/artsmartiauxcompiegnois.fr\/index.php?rest_route=%2Fwp%2Fv2%2Fmedia&parent=7216"}],"wp:term":[{"taxonomy":"post_tag","embeddable":true,"href":"https:\/\/artsmartiauxcompiegnois.fr\/index.php?rest_route=%2Fwp%2Fv2%2Ftags&post=7216"},{"taxonomy":"tribe_events_cat","embeddable":true,"href":"https:\/\/artsmartiauxcompiegnois.fr\/index.php?rest_route=%2Fwp%2Fv2%2Ftribe_events_cat&post=7216"}],"curies":[{"name":"wp","href":"https:\/\/api.w.org\/{rel}","templated":true}]}}

Le spectacle du Noël des Arts Martiaux Compiégnois &#8211; 21 décembre 2018

<p><a href="http://artsmartiauxcompiegnois.fr/wp-content/uploads/2018/12/affiche-noel-2018-3-copie.jpg"><img loading="lazy" class="wp-image-7346 aligncenter" src="http://artsmartiauxcompiegnois.fr/wp-content/uploads/2018/12/affiche-noel-2018-3-copie-300x212.jpg" alt="" width="427" height="303" srcset="https://artsmartiauxcompiegnois.fr/wp-content/uploads/2018/12/affiche-noel-2018-3-copie-300x212.jpg 300w, https://artsmartiauxcompiegnois.fr/wp-content/uploads/2018/12/affiche-noel-2018-3-copie-768x543.jpg 768w, https://artsmartiauxcompiegnois.fr/wp-content/uploads/2018/12/affiche-noel-2018-3-copie-178x126.jpg 178w, https://artsmartiauxcompiegnois.fr/wp-content/uploads/2018/12/affiche-noel-2018-3-copie.jpg 842w" sizes="(max-width: 427px) 100vw, 427px" /></a></p>
<p>&nbsp;</p>
<p>Nous vous remercions d&rsquo;apporter des gâteaux et boissons.</p>
<p>A l&rsquo;issue de ce spectacle, le Club fermera ses portes pour deux semaines pendant les vacances scolaires.</p>

<p>Un nouveau concept cette année pour le spectacle de Noël.<br />
?ous vous remercions d&rsquo;apporter des gâteaux et boissons.</p>
