{"id":8078,"date":"2019-03-07T21:47:22","date_gmt":"2019-03-07T19:47:22","guid":{"rendered":"http:\/\/artsmartiauxcompiegnois.fr\/?post_type=tribe_events&#038;p=8078"},"modified":"2019-03-08T17:54:34","modified_gmt":"2019-03-08T15:54:34","slug":"open-des-jeunes-kata-compiegne-31-03-2019","status":"publish","type":"tribe_events","link":"https:\/\/artsmartiauxcompiegnois.fr\/?tribe_events=open-des-jeunes-kata-compiegne-31-03-2019","title":{"rendered":"Open des jeunes KATA &#8211; Compi\u00e8gne &#8211; 31\/03\/2019"},"content":{"rendered":"<p>La Zone Inter D\u00e9rtementale de Picardie de Karat\u00e9 organise dans les locaux du Club des Arts Martiaux Compi\u00e9gnois, au gymnase 1 rue Rouget de l&rsquo;Isle,<\/p>\n<h1 style=\"text-align: center;\">l&rsquo; <span style=\"color: #ff0000;\">OPEN DES JEUNES KATA\u00a0<\/span><\/h1>\n<p>D\u00e9but des comp\u00e9titions : 09H30 &#8211; Droits d&rsquo;inscription : 3 \u20ac par comp\u00e9titeur &#8211; Entr\u00e9e gratuite pour le public &#8211;\u00a0Cette rencontre est ouverte \u00e0 partir de la 1ere ann\u00e9e de licence. Tous les participants seront r\u00e9compens\u00e9s.<\/p>\n<p>La pr\u00e9inscription en ligne est obligatoire (date limite d&rsquo;inscription aupr\u00e8s de la ZID le 25 mars. Inscrivez vous d&rsquo;ores et d\u00e9j\u00e0 via votre Club ou votre encadrant.<\/p>\n<p>Horaires d&rsquo;inscription au greffe : Pr\u00e9sentation du passeport \/ de la licence en cours, du Certificat m\u00e9dical et de l&rsquo;autorisation parentale.<\/p>\n<p>09H00 &#8211; 09H15 : Contr\u00f4le des Pupilles, filles et gar\u00e7ons,<\/p>\n<p>09H45 &#8211; 10H00 : Contr\u00f4le des Benjamins, filles et gar\u00e7ons,<\/p>\n<p>10H30 &#8211; 10H45 : Contr\u00f4le des Minimes, filles et gar\u00e7ons.<\/p>\n","protected":false},"excerpt":{"rendered":"<p>La Zone Inter D\u00e9rtementale de Picardie de Karat\u00e9 organise dans les locaux du Club des Arts Martiaux Compi\u00e9gnois, au gymnase 1 rue Rouget de l&rsquo;Isle, l&rsquo; OPEN DES JEUNES KATA\u00a0 D\u00e9but des comp\u00e9titions : 09H30 &#8211; Droits d&rsquo;inscription : 3 \u20ac par comp\u00e9titeur &#8211; Entr\u00e9e gratuite pour le public &#8211;\u00a0Cette rencontre est ouverte \u00e0 partir [&hellip;]<\/p>\n","protected":false},"author":1,"featured_media":8082,"template":"","meta":[],"tags":[51,241,191,313],"tribe_events_cat":[],"_links":{"self":[{"href":"https:\/\/artsmartiauxcompiegnois.fr\/index.php?rest_route=\/wp\/v2\/tribe_events\/8078"}],"collection":[{"href":"https:\/\/artsmartiauxcompiegnois.fr\/index.php?rest_route=\/wp\/v2\/tribe_events"}],"about":[{"href":"https:\/\/artsmartiauxcompiegnois.fr\/index.php?rest_route=\/wp\/v2\/types\/tribe_events"}],"author":[{"embeddable":true,"href":"https:\/\/artsmartiauxcompiegnois.fr\/index.php?rest_route=\/wp\/v2\/users\/1"}],"version-history":[{"count":1,"href":"https:\/\/artsmartiauxcompiegnois.fr\/index.php?rest_route=\/wp\/v2\/tribe_events\/8078\/revisions"}],"predecessor-version":[{"id":8079,"href":"https:\/\/artsmartiauxcompiegnois.fr\/index.php?rest_route=\/wp\/v2\/tribe_events\/8078\/revisions\/8079"}],"wp:featuredmedia":[{"embeddable":true,"href":"https:\/\/artsmartiauxcompiegnois.fr\/index.php?rest_route=\/wp\/v2\/media\/8082"}],"wp:attachment":[{"href":"https:\/\/artsmartiauxcompiegnois.fr\/index.php?rest_route=%2Fwp%2Fv2%2Fmedia&parent=8078"}],"wp:term":[{"taxonomy":"post_tag","embeddable":true,"href":"https:\/\/artsmartiauxcompiegnois.fr\/index.php?rest_route=%2Fwp%2Fv2%2Ftags&post=8078"},{"taxonomy":"tribe_events_cat","embeddable":true,"href":"https:\/\/artsmartiauxcompiegnois.fr\/index.php?rest_route=%2Fwp%2Fv2%2Ftribe_events_cat&post=8078"}],"curies":[{"name":"wp","href":"https:\/\/api.w.org\/{rel}","templated":true}]}}

Open des jeunes KATA &#8211; Compiègne &#8211; 31/03/2019

<p>La Zone Inter Dértementale de Picardie de Karaté organise dans les locaux du Club des Arts Martiaux Compiégnois, au gymnase 1 rue Rouget de l&rsquo;Isle,</p>
<h1 style="text-align: center;">l&rsquo; <span style="color: #ff0000;">OPEN DES JEUNES KATA </span></h1>
<p>Début des compétitions : 09H30 &#8211; Droits d&rsquo;inscription : 3 € par compétiteur &#8211; Entrée gratuite pour le public &#8211; Cette rencontre est ouverte à partir de la 1ere année de licence. Tous les participants seront récompensés.</p>
<p>La préinscription en ligne est obligatoire (date limite d&rsquo;inscription auprès de la ZID le 25 mars. Inscrivez vous d&rsquo;ores et déjà via votre Club ou votre encadrant.</p>
<p>Horaires d&rsquo;inscription au greffe : Présentation du passeport / de la licence en cours, du Certificat médical et de l&rsquo;autorisation parentale.</p>
<p>09H00 &#8211; 09H15 : Contrôle des Pupilles, filles et garçons,</p>
<p>09H45 &#8211; 10H00 : Contrôle des Benjamins, filles et garçons,</p>
<p>10H30 &#8211; 10H45 : Contrôle des Minimes, filles et garçons.</p>

<p>La Zone Inter Dértementale de Picardie de Karaté organise dans les locaux du Club des Arts Martiaux Compiégnois, au gymnase 1 rue Rouget de l&rsquo;Isle, l&rsquo; OPEN DES JEUNES KATA  Début des compétitions : 09H30 &#8211; Droits d&rsquo;inscription : 3 € par compétiteur &#8211; Entrée gratuite pour le public &#8211; Cette rencontre est ouverte à partir [&hellip;]</p>
