{"id":9257,"date":"2019-11-08T20:41:59","date_gmt":"2019-11-08T18:41:59","guid":{"rendered":"http:\/\/artsmartiauxcompiegnois.fr\/?post_type=tribe_events&#038;p=9257"},"modified":"2019-11-14T20:38:23","modified_gmt":"2019-11-14T18:38:23","slug":"open-de-karate-des-jeunes-compiegne-le-17-novembre-2019","status":"publish","type":"tribe_events","link":"https:\/\/artsmartiauxcompiegnois.fr\/?tribe_events=open-de-karate-des-jeunes-compiegne-le-17-novembre-2019","title":{"rendered":"Open de Karat\u00e9 des Jeunes &#8211; Compi\u00e8gne le 17 novembre 2019 est ANNULE"},"content":{"rendered":"<p>L&rsquo;Open de Karat\u00e9 des jeunes organis\u00e9 par La ZID Picardie le 17 novembre 2019 de 08h00 \u00e0 17h00, se d\u00e9roule aux Arts Martiaux Compi\u00e9gnois.<\/p>\n<p>&nbsp;<\/p>\n<p>Cette rencontre est annul\u00e9e par la ZID<\/p>\n<p style=\"text-align: right;\">Nous vous attendons nombreux.<\/p>\n","protected":false},"excerpt":{"rendered":"<p>L&rsquo;Open de Karat\u00e9 des jeunes organis\u00e9 par La ZID Picardie le 17 novembre 2019 de 08h00 \u00e0 17h00, se d\u00e9roule aux Arts Martiaux Compi\u00e9gnois. &nbsp; Cette rencontre est annul\u00e9e par la ZID Nous vous attendons nombreux.<\/p>\n","protected":false},"author":1,"featured_media":0,"template":"","meta":[],"tags":[55,191,240],"tribe_events_cat":[],"_links":{"self":[{"href":"https:\/\/artsmartiauxcompiegnois.fr\/index.php?rest_route=\/wp\/v2\/tribe_events\/9257"}],"collection":[{"href":"https:\/\/artsmartiauxcompiegnois.fr\/index.php?rest_route=\/wp\/v2\/tribe_events"}],"about":[{"href":"https:\/\/artsmartiauxcompiegnois.fr\/index.php?rest_route=\/wp\/v2\/types\/tribe_events"}],"author":[{"embeddable":true,"href":"https:\/\/artsmartiauxcompiegnois.fr\/index.php?rest_route=\/wp\/v2\/users\/1"}],"version-history":[{"count":2,"href":"https:\/\/artsmartiauxcompiegnois.fr\/index.php?rest_route=\/wp\/v2\/tribe_events\/9257\/revisions"}],"predecessor-version":[{"id":9270,"href":"https:\/\/artsmartiauxcompiegnois.fr\/index.php?rest_route=\/wp\/v2\/tribe_events\/9257\/revisions\/9270"}],"wp:attachment":[{"href":"https:\/\/artsmartiauxcompiegnois.fr\/index.php?rest_route=%2Fwp%2Fv2%2Fmedia&parent=9257"}],"wp:term":[{"taxonomy":"post_tag","embeddable":true,"href":"https:\/\/artsmartiauxcompiegnois.fr\/index.php?rest_route=%2Fwp%2Fv2%2Ftags&post=9257"},{"taxonomy":"tribe_events_cat","embeddable":true,"href":"https:\/\/artsmartiauxcompiegnois.fr\/index.php?rest_route=%2Fwp%2Fv2%2Ftribe_events_cat&post=9257"}],"curies":[{"name":"wp","href":"https:\/\/api.w.org\/{rel}","templated":true}]}}

Open de Karaté des Jeunes &#8211; Compiègne le 17 novembre 2019 est ANNULE

<p>L&rsquo;Open de Karaté des jeunes organisé par La ZID Picardie le 17 novembre 2019 de 08h00 à 17h00, se déroule aux Arts Martiaux Compiégnois.</p>
<p>&nbsp;</p>
<p>Cette rencontre est annulée par la ZID</p>
<p style="text-align: right;">Nous vous attendons nombreux.</p>

<p>L&rsquo;Open de Karaté des jeunes organisé par La ZID Picardie le 17 novembre 2019 de 08h00 à 17h00, se déroule aux Arts Martiaux Compiégnois. &nbsp; Cette rencontre est annulée par la ZID Nous vous attendons nombreux.</p>
