{"id":9261,"date":"2019-11-08T20:56:29","date_gmt":"2019-11-08T18:56:29","guid":{"rendered":"http:\/\/artsmartiauxcompiegnois.fr\/?post_type=tribe_events&#038;p=9261"},"modified":"2019-11-14T20:40:54","modified_gmt":"2019-11-14T18:40:54","slug":"regroupement-departemental-de-judo-compiegne-17-novembre-2019","status":"publish","type":"tribe_events","link":"https:\/\/artsmartiauxcompiegnois.fr\/?tribe_events=regroupement-departemental-de-judo-compiegne-17-novembre-2019","title":{"rendered":"Regroupement D\u00e9partemental de Judo &#8211; 17 novembre 2019 &#8211; CHANGEMENT DE LIEU"},"content":{"rendered":"<p>Le Comit\u00e9 d\u00e9partemental de l&rsquo;Oise organise un regroupement d\u00e9partemental de Judo pour les minimes de 12-13 ans.<br \/>\nCe regroupement ne se d\u00e9roulera pas aux Arts Martiaux Compi\u00e9gnois comme initialement pr\u00e9vu. Le comit\u00e9 d\u00e9partemental a d\u00e9plac\u00e9 cette rencontre.<\/p>\n","protected":false},"excerpt":{"rendered":"<p>Le Comit\u00e9 d\u00e9partemental de l&rsquo;Oise organise un regroupement d\u00e9partemental de Judo pour les minimes de 12-13 ans. Ce regroupement ne se d\u00e9roulera pas aux Arts Martiaux Compi\u00e9gnois comme initialement pr\u00e9vu. Le comit\u00e9 d\u00e9partemental a d\u00e9plac\u00e9 cette rencontre.<\/p>\n","protected":false},"author":1,"featured_media":0,"template":"","meta":[],"tags":[179,312],"tribe_events_cat":[],"_links":{"self":[{"href":"https:\/\/artsmartiauxcompiegnois.fr\/index.php?rest_route=\/wp\/v2\/tribe_events\/9261"}],"collection":[{"href":"https:\/\/artsmartiauxcompiegnois.fr\/index.php?rest_route=\/wp\/v2\/tribe_events"}],"about":[{"href":"https:\/\/artsmartiauxcompiegnois.fr\/index.php?rest_route=\/wp\/v2\/types\/tribe_events"}],"author":[{"embeddable":true,"href":"https:\/\/artsmartiauxcompiegnois.fr\/index.php?rest_route=\/wp\/v2\/users\/1"}],"version-history":[{"count":6,"href":"https:\/\/artsmartiauxcompiegnois.fr\/index.php?rest_route=\/wp\/v2\/tribe_events\/9261\/revisions"}],"predecessor-version":[{"id":9273,"href":"https:\/\/artsmartiauxcompiegnois.fr\/index.php?rest_route=\/wp\/v2\/tribe_events\/9261\/revisions\/9273"}],"wp:attachment":[{"href":"https:\/\/artsmartiauxcompiegnois.fr\/index.php?rest_route=%2Fwp%2Fv2%2Fmedia&parent=9261"}],"wp:term":[{"taxonomy":"post_tag","embeddable":true,"href":"https:\/\/artsmartiauxcompiegnois.fr\/index.php?rest_route=%2Fwp%2Fv2%2Ftags&post=9261"},{"taxonomy":"tribe_events_cat","embeddable":true,"href":"https:\/\/artsmartiauxcompiegnois.fr\/index.php?rest_route=%2Fwp%2Fv2%2Ftribe_events_cat&post=9261"}],"curies":[{"name":"wp","href":"https:\/\/api.w.org\/{rel}","templated":true}]}}

Regroupement Départemental de Judo &#8211; 17 novembre 2019 &#8211; CHANGEMENT DE LIEU

<p>Le Comité départemental de l&rsquo;Oise organise un regroupement départemental de Judo pour les minimes de 12-13 ans.<br />
Ce regroupement ne se déroulera pas aux Arts Martiaux Compiégnois comme initialement prévu. Le comité départemental a déplacé cette rencontre.</p>

<p>Le Comité départemental de l&rsquo;Oise organise un regroupement départemental de Judo pour les minimes de 12-13 ans. Ce regroupement ne se déroulera pas aux Arts Martiaux Compiégnois comme initialement prévu. Le comité départemental a déplacé cette rencontre.</p>
