{"id":9263,"date":"2019-11-08T21:02:15","date_gmt":"2019-11-08T19:02:15","guid":{"rendered":"http:\/\/artsmartiauxcompiegnois.fr\/?post_type=tribe_events&#038;p=9263"},"modified":"2019-11-08T21:06:02","modified_gmt":"2019-11-08T19:06:02","slug":"plate-forme-kata-national-judo-a-compiegne-le-23-novembre-2019","status":"publish","type":"tribe_events","link":"https:\/\/artsmartiauxcompiegnois.fr\/?tribe_events=plate-forme-kata-national-judo-a-compiegne-le-23-novembre-2019","title":{"rendered":"Plate forme Kata National Judo \u00e0 Compi\u00e8gne le 23 novembre 2019"},"content":{"rendered":"<p>Samedi 23 novembre 2019 de 14:00 \u00e0 17:00 et le 24 novembre de 08:00 \u00e0 12:00, le club des Arts Martiaux Compi\u00e8gnois re\u00e7oit la plate forme de formation nationale de Judo Kata pour les enseignants et judokas.<\/p>\n","protected":false},"excerpt":{"rendered":"<p>Samedi 23 novembre 2019 de 14:00 \u00e0 17:00 et le 24 novembre de 08:00 \u00e0 12:00, le club des Arts Martiaux Compi\u00e8gnois re\u00e7oit la plate forme de formation nationale de Judo Kata pour les enseignants et judokas.<\/p>\n","protected":false},"author":1,"featured_media":0,"template":"","meta":[],"tags":[],"tribe_events_cat":[],"_links":{"self":[{"href":"https:\/\/artsmartiauxcompiegnois.fr\/index.php?rest_route=\/wp\/v2\/tribe_events\/9263"}],"collection":[{"href":"https:\/\/artsmartiauxcompiegnois.fr\/index.php?rest_route=\/wp\/v2\/tribe_events"}],"about":[{"href":"https:\/\/artsmartiauxcompiegnois.fr\/index.php?rest_route=\/wp\/v2\/types\/tribe_events"}],"author":[{"embeddable":true,"href":"https:\/\/artsmartiauxcompiegnois.fr\/index.php?rest_route=\/wp\/v2\/users\/1"}],"version-history":[{"count":3,"href":"https:\/\/artsmartiauxcompiegnois.fr\/index.php?rest_route=\/wp\/v2\/tribe_events\/9263\/revisions"}],"predecessor-version":[{"id":9267,"href":"https:\/\/artsmartiauxcompiegnois.fr\/index.php?rest_route=\/wp\/v2\/tribe_events\/9263\/revisions\/9267"}],"wp:attachment":[{"href":"https:\/\/artsmartiauxcompiegnois.fr\/index.php?rest_route=%2Fwp%2Fv2%2Fmedia&parent=9263"}],"wp:term":[{"taxonomy":"post_tag","embeddable":true,"href":"https:\/\/artsmartiauxcompiegnois.fr\/index.php?rest_route=%2Fwp%2Fv2%2Ftags&post=9263"},{"taxonomy":"tribe_events_cat","embeddable":true,"href":"https:\/\/artsmartiauxcompiegnois.fr\/index.php?rest_route=%2Fwp%2Fv2%2Ftribe_events_cat&post=9263"}],"curies":[{"name":"wp","href":"https:\/\/api.w.org\/{rel}","templated":true}]}}

Plate forme Kata National Judo à Compiègne le 23 novembre 2019

<p>Samedi 23 novembre 2019 de 14:00 à 17:00 et le 24 novembre de 08:00 à 12:00, le club des Arts Martiaux Compiègnois reçoit la plate forme de formation nationale de Judo Kata pour les enseignants et judokas.</p>
