{"id":9891,"date":"2020-01-13T20:42:34","date_gmt":"2020-01-13T18:42:34","guid":{"rendered":"http:\/\/artsmartiauxcompiegnois.fr\/?post_type=tribe_events&#038;p=9891"},"modified":"2020-03-02T17:25:47","modified_gmt":"2020-03-02T15:25:47","slug":"open-de-karate-des-jeunes-compiegne-15-mars-2020","status":"publish","type":"tribe_events","link":"https:\/\/artsmartiauxcompiegnois.fr\/?tribe_events=open-de-karate-des-jeunes-compiegne-15-mars-2020","title":{"rendered":"Open de Karat\u00e9 des jeunes &#8211; Compi\u00e8gne &#8211; 15 mars 2020 &#8211; ANNULE"},"content":{"rendered":"<p>La Zone Interd\u00e9partementale de Picardie de Karat\u00e9 organise \u00e0 Compi\u00e8gne, dans les locaux des Arts Martiaux Compi\u00e9gnois, le 15 mars 2020, l&rsquo;Open des jeunes Karat\u00e9.<\/p>\n<p>&nbsp;<\/p>\n","protected":false},"excerpt":{"rendered":"<p>La Zone Interd\u00e9partementale de Picardie de Karat\u00e9 organise \u00e0 Compi\u00e8gne, dans les locaux des Arts Martiaux Compi\u00e9gnois, le 15 mars 2020, l&rsquo;Open des jeunes Karat\u00e9. &nbsp;<\/p>\n","protected":false},"author":1,"featured_media":9979,"template":"","meta":[],"tags":[55,191,240],"tribe_events_cat":[],"_links":{"self":[{"href":"https:\/\/artsmartiauxcompiegnois.fr\/index.php?rest_route=\/wp\/v2\/tribe_events\/9891"}],"collection":[{"href":"https:\/\/artsmartiauxcompiegnois.fr\/index.php?rest_route=\/wp\/v2\/tribe_events"}],"about":[{"href":"https:\/\/artsmartiauxcompiegnois.fr\/index.php?rest_route=\/wp\/v2\/types\/tribe_events"}],"author":[{"embeddable":true,"href":"https:\/\/artsmartiauxcompiegnois.fr\/index.php?rest_route=\/wp\/v2\/users\/1"}],"version-history":[{"count":5,"href":"https:\/\/artsmartiauxcompiegnois.fr\/index.php?rest_route=\/wp\/v2\/tribe_events\/9891\/revisions"}],"predecessor-version":[{"id":10037,"href":"https:\/\/artsmartiauxcompiegnois.fr\/index.php?rest_route=\/wp\/v2\/tribe_events\/9891\/revisions\/10037"}],"wp:featuredmedia":[{"embeddable":true,"href":"https:\/\/artsmartiauxcompiegnois.fr\/index.php?rest_route=\/wp\/v2\/media\/9979"}],"wp:attachment":[{"href":"https:\/\/artsmartiauxcompiegnois.fr\/index.php?rest_route=%2Fwp%2Fv2%2Fmedia&parent=9891"}],"wp:term":[{"taxonomy":"post_tag","embeddable":true,"href":"https:\/\/artsmartiauxcompiegnois.fr\/index.php?rest_route=%2Fwp%2Fv2%2Ftags&post=9891"},{"taxonomy":"tribe_events_cat","embeddable":true,"href":"https:\/\/artsmartiauxcompiegnois.fr\/index.php?rest_route=%2Fwp%2Fv2%2Ftribe_events_cat&post=9891"}],"curies":[{"name":"wp","href":"https:\/\/api.w.org\/{rel}","templated":true}]}}

Open de Karaté des jeunes &#8211; Compiègne &#8211; 15 mars 2020 &#8211; ANNULE

<p>La Zone Interdépartementale de Picardie de Karaté organise à Compiègne, dans les locaux des Arts Martiaux Compiégnois, le 15 mars 2020, l&rsquo;Open des jeunes Karaté.</p>
<p>&nbsp;</p>

<p>La Zone Interdépartementale de Picardie de Karaté organise à Compiègne, dans les locaux des Arts Martiaux Compiégnois, le 15 mars 2020, l&rsquo;Open des jeunes Karaté. &nbsp;</p>
